-- https://www.phpmyadmin.net/
--

START TRANSACTION;



--
-- Database: `cslancer_wechat`
--

-- --------------------------------------------------------

--
-- Table structure for table `chats`
--

CREATE TABLE `chats` (
  `id` bigint UNSIGNED NOT NULL,
  `created_by` bigint UNSIGNED NOT NULL,
  `name` varchar(255) COLLATE utf8mb4_unicode_ci DEFAULT NULL,
  `is_private` tinyint(1) NOT NULL DEFAULT '1',
  `created_at` timestamp NULL DEFAULT NULL,
  `updated_at` timestamp NULL DEFAULT NULL
) ENGINE=InnoDB DEFAULT CHARSET=utf8mb4 COLLATE=utf8mb4_unicode_ci;

--
-- Dumping data for table `chats`
--

INSERT INTO `chats` (`id`, `created_by`, `name`, `is_private`, `created_at`, `updated_at`) VALUES
(1, 1, NULL, 1, '2024-08-17 10:33:21', '2024-08-25 17:04:12'),
(2, 1, NULL, 1, '2024-08-18 09:47:17', '2024-08-25 12:57:34'),
(3, 2, NULL, 1, '2024-08-24 07:30:21', '2024-08-24 07:40:31'),
(4, 1, NULL, 1, '2024-08-24 07:40:12', '2024-08-24 07:41:07');

-- --------------------------------------------------------

--
-- Table structure for table `chat_messages`
--

CREATE TABLE `chat_messages` (
  `id` bigint UNSIGNED NOT NULL,
  `chat_id` bigint UNSIGNED NOT NULL,
  `user_id` bigint UNSIGNED NOT NULL,
  `message` text COLLATE utf8mb4_unicode_ci,
  `reply` varchar(255) COLLATE utf8mb4_unicode_ci DEFAULT NULL,
  `file` varchar(10000) COLLATE utf8mb4_unicode_ci DEFAULT NULL,
  `status` varchar(10) COLLATE utf8mb4_unicode_ci NOT NULL DEFAULT '0',
  `created_at` timestamp NULL DEFAULT NULL,
  `updated_at` timestamp NULL DEFAULT NULL
) ENGINE=InnoDB DEFAULT CHARSET=utf8mb4 COLLATE=utf8mb4_unicode_ci;

--
-- Dumping data for table `chat_messages`
--

INSERT INTO `chat_messages` (`id`, `chat_id`, `user_id`, `message`, `reply`, `file`, `status`, `created_at`, `updated_at`) VALUES
(1, 1, 2, 'Hello', NULL, NULL, '2', '2024-08-22 13:17:01', '2024-08-22 13:17:01'),
(2, 1, 1, 'hy', NULL, NULL, '2', '2024-08-22 13:17:35', '2024-08-22 13:17:35'),
(3, 1, 2, 'What are you doing', NULL, NULL, '2', '2024-08-22 13:17:50', '2024-08-22 13:17:50'),
(4, 1, 1, 'nothing', NULL, NULL, '2', '2024-08-22 13:17:57', '2024-08-22 13:17:57'),
(5, 1, 2, 'What are you doing?', NULL, NULL, '2', '2024-08-22 13:18:04', '2024-08-22 13:18:04'),
(6, 1, 2, NULL, NULL, 'https://wechat.cslancer.com/public/files/2024-08-22_13-18-18iphone_quiet_ring.mp3', '2', '2024-08-22 13:18:18', '2024-08-22 13:18:18'),
(7, 1, 1, 'Testing', NULL, NULL, '2', '2024-08-22 16:22:59', '2024-08-22 16:22:59'),
(8, 1, 1, NULL, NULL, 'https://wechat.cslancer.com/public/files/2024-08-22_16-23-271724343786293.aac', '2', '2024-08-22 16:23:30', '2024-08-22 16:23:30'),
(9, 1, 1, '😆😆🤣😅', NULL, NULL, '2', '2024-08-22 16:24:13', '2024-08-22 16:24:13'),
(10, 1, 2, 'hello', NULL, NULL, '2', '2024-08-22 16:26:03', '2024-08-22 16:26:03'),
(11, 1, 2, 'What are you doing?', 'nothing', NULL, '2', '2024-08-22 16:30:44', '2024-08-22 16:30:44'),
(12, 1, 2, 'Testing', 'nothing', NULL, '2', '2024-08-22 16:31:26', '2024-08-22 16:31:26'),
(13, 1, 2, NULL, NULL, 'https://wechat.cslancer.com/public/files/2024-08-22_16-32-381000000277.jpg', '2', '2024-08-22 16:32:38', '2024-08-22 16:32:38'),
(14, 1, 2, NULL, NULL, 'https://wechat.cslancer.com/public/files/2024-08-22_16-33-381000000221.jpg', '2', '2024-08-22 16:33:38', '2024-08-22 16:33:38'),
(15, 1, 2, NULL, NULL, NULL, '2', '2024-08-22 16:37:39', '2024-08-22 16:37:39'),
(16, 1, 2, NULL, NULL, 'https://wechat.cslancer.com/public/files/2024-08-22_16-38-201000000562.jpg', '2', '2024-08-22 16:38:20', '2024-08-22 16:38:20'),
(17, 1, 1, 'hi', NULL, NULL, '2', '2024-08-22 16:40:48', '2024-08-22 16:40:48'),
(18, 1, 1, 'ghh', NULL, NULL, '2', '2024-08-22 18:20:45', '2024-08-22 18:20:45'),
(19, 1, 1, 'abc', NULL, NULL, '2', '2024-08-22 18:20:50', '2024-08-22 18:20:50'),
(20, 1, 1, 'def', NULL, NULL, '2', '2024-08-22 18:20:55', '2024-08-22 18:20:55'),
(21, 1, 1, 'testing', NULL, NULL, '2', '2024-08-22 18:21:01', '2024-08-22 18:21:01'),
(22, 1, 1, 'what', NULL, NULL, '2', '2024-08-22 18:21:06', '2024-08-22 18:21:06'),
(23, 1, 1, 'yi', NULL, NULL, '2', '2024-08-22 18:21:41', '2024-08-22 18:21:41'),
(24, 1, 1, 'yasd', NULL, NULL, '2', '2024-08-22 18:21:47', '2024-08-22 18:21:47'),
(25, 1, 1, 'adg', NULL, NULL, '2', '2024-08-22 18:21:51', '2024-08-22 18:21:51'),
(26, 1, 1, 'uu', NULL, NULL, '2', '2024-08-22 18:21:56', '2024-08-22 18:21:56'),
(27, 1, 1, 'yui', NULL, NULL, '2', '2024-08-22 18:22:01', '2024-08-22 18:22:01'),
(28, 1, 1, 'Hi', NULL, NULL, '2', '2024-08-23 03:32:01', '2024-08-23 03:32:01'),
(29, 1, 1, 'Hi', NULL, NULL, '2', '2024-08-23 03:32:14', '2024-08-23 03:32:14'),
(30, 2, 1, 'hello', NULL, NULL, '1', '2024-08-24 07:35:02', '2024-08-24 07:35:02'),
(31, 3, 1, 'hello', NULL, NULL, '1', '2024-08-24 07:40:31', '2024-08-24 07:40:31'),
(32, 4, 4, 'hello', NULL, NULL, '2', '2024-08-24 07:41:07', '2024-08-24 07:41:07'),
(33, 1, 2, 'hello', NULL, NULL, '2', '2024-08-24 08:39:37', '2024-08-24 08:39:37'),
(34, 1, 2, NULL, NULL, 'https://wechat.cslancer.com/public/files/2024-08-24_08-54-021000193830.jpg', '2', '2024-08-24 08:54:02', '2024-08-24 08:54:02'),
(35, 1, 2, 'Hi', 'hy', NULL, '2', '2024-08-24 09:26:26', '2024-08-24 09:26:26'),
(85, 1, 1, NULL, NULL, 'https://wechat.cslancer.com/public/files/2024-08-25_02-25-151000000472.jpg', '2', '2024-08-25 02:25:15', '2024-08-25 02:25:15'),
(86, 1, 1, NULL, NULL, NULL, '2', '2024-08-25 02:26:08', '2024-08-25 02:26:08'),
(87, 1, 1, NULL, NULL, 'https://wechat.cslancer.com/public/files/2024-08-25_02-26-361724552779523.aac', '2', '2024-08-25 02:26:36', '2024-08-25 02:26:36'),
(88, 1, 1, 'https://wechat.cslancer.com/public/files/2024-08-24_08-54-021000193830.jpg', 'Hi', NULL, '2', '2024-08-25 02:28:28', '2024-08-25 02:28:28'),
(89, 2, 1, 'Hello', NULL, NULL, '1', '2024-08-25 02:29:41', '2024-08-25 02:29:41'),
(90, 1, 2, 'hello', NULL, NULL, '2', '2024-08-25 03:04:04', '2024-08-25 03:04:04'),
(91, 1, 2, 'Hello', NULL, NULL, '2', '2024-08-25 03:04:35', '2024-08-25 03:04:35'),
(92, 1, 2, 'test message', NULL, NULL, '2', '2024-08-25 03:05:15', '2024-08-25 03:05:15'),
(93, 1, 2, NULL, NULL, NULL, '2', '2024-08-25 03:08:20', '2024-08-25 03:08:20'),
(94, 1, 2, NULL, NULL, NULL, '2', '2024-08-25 03:09:20', '2024-08-25 03:09:20'),
(95, 1, 2, NULL, NULL, NULL, '2', '2024-08-25 03:10:13', '2024-08-25 03:10:13'),
(96, 1, 2, 'checking', NULL, NULL, '2', '2024-08-25 03:10:47', '2024-08-25 03:10:47'),
(97, 1, 1, NULL, NULL, NULL, '2', '2024-08-25 03:12:57', '2024-08-25 03:12:57'),
(98, 1, 2, 'Hello demo1', NULL, NULL, '2', '2024-08-25 03:17:15', '2024-08-25 03:17:15'),
(99, 1, 2, 'testing read message', NULL, NULL, '2', '2024-08-25 03:19:47', '2024-08-25 03:19:47'),
(100, 1, 2, 'hello', NULL, NULL, '2', '2024-08-25 12:23:54', '2024-08-25 12:23:54'),
(101, 1, 1, 'hello', NULL, NULL, '2', '2024-08-25 12:25:36', '2024-08-25 12:25:36'),
(102, 1, 1, 'hy', NULL, NULL, '2', '2024-08-25 12:26:01', '2024-08-25 12:26:01'),
(103, 1, 2, 'nice', NULL, NULL, '2', '2024-08-25 12:26:44', '2024-08-25 12:26:44'),
(104, 1, 2, 'hello', NULL, NULL, '2', '2024-08-25 12:37:34', '2024-08-25 12:37:34'),
(105, 1, 1, 'hy', NULL, NULL, '2', '2024-08-25 12:38:57', '2024-08-25 12:38:57'),
(106, 1, 1, 'ht', NULL, NULL, '2', '2024-08-25 12:42:26', '2024-08-25 12:42:26'),
(107, 1, 1, 'nice', NULL, NULL, '2', '2024-08-25 12:43:09', '2024-08-25 12:43:09'),
(108, 1, 2, 'hello', NULL, NULL, '2', '2024-08-25 12:43:58', '2024-08-25 12:43:58'),
(109, 1, 2, 'hello', NULL, NULL, '2', '2024-08-25 12:44:56', '2024-08-25 12:44:56'),
(110, 1, 2, 'hellos', NULL, NULL, '2', '2024-08-25 12:46:16', '2024-08-25 12:46:16'),
(111, 1, 2, 'by', NULL, NULL, '2', '2024-08-25 12:46:48', '2024-08-25 12:46:48'),
(112, 1, 2, 'nice to meet you', NULL, NULL, '2', '2024-08-25 12:47:08', '2024-08-25 12:47:08'),
(113, 2, 3, 'by', NULL, NULL, '1', '2024-08-25 12:47:58', '2024-08-25 12:47:58'),
(114, 2, 3, 'hy', NULL, NULL, '1', '2024-08-25 12:49:14', '2024-08-25 12:49:14'),
(115, 2, 3, 'buy', NULL, NULL, '1', '2024-08-25 12:50:33', '2024-08-25 12:50:33'),
(116, 2, 3, 'hy', NULL, NULL, '1', '2024-08-25 12:51:04', '2024-08-25 12:51:04'),
(117, 2, 3, 'nice', NULL, NULL, '1', '2024-08-25 12:53:39', '2024-08-25 12:53:39'),
(118, 2, 3, 'hello', NULL, NULL, '1', '2024-08-25 12:55:39', '2024-08-25 12:55:39'),
(119, 2, 3, 'heloo', NULL, NULL, '1', '2024-08-25 12:56:12', '2024-08-25 12:56:12'),
(120, 2, 3, 'heelo', NULL, NULL, '1', '2024-08-25 12:56:57', '2024-08-25 12:56:57'),
(121, 2, 3, 'hello', NULL, NULL, '1', '2024-08-25 12:57:34', '2024-08-25 12:57:34'),
(122, 1, 2, 'hey', NULL, NULL, '2', '2024-08-25 12:59:16', '2024-08-25 12:59:16'),
(123, 1, 2, 'hello', NULL, NULL, '2', '2024-08-25 13:00:56', '2024-08-25 13:00:56'),
(124, 1, 1, 'by', NULL, NULL, '2', '2024-08-25 13:01:03', '2024-08-25 13:01:03'),
(125, 1, 2, 'bbbb', NULL, NULL, '2', '2024-08-25 13:01:56', '2024-08-25 13:01:56'),
(126, 1, 2, 'hello', NULL, NULL, '2', '2024-08-25 13:03:10', '2024-08-25 13:03:10'),
(127, 1, 2, 'heelo', NULL, NULL, '2', '2024-08-25 13:03:56', '2024-08-25 13:03:56'),
(128, 1, 2, 'nuce', NULL, NULL, '2', '2024-08-25 13:04:47', '2024-08-25 13:04:47'),
(129, 1, 2, 'by', NULL, NULL, '2', '2024-08-25 13:05:05', '2024-08-25 13:05:05'),
(130, 1, 2, 'hey', NULL, NULL, '2', '2024-08-25 13:05:37', '2024-08-25 13:05:37'),
(131, 1, 1, 'go', NULL, NULL, '2', '2024-08-25 13:05:46', '2024-08-25 13:05:46'),
(132, 1, 2, 'where', NULL, NULL, '2', '2024-08-25 13:05:54', '2024-08-25 13:05:54'),
(133, 1, 1, 'nice', NULL, NULL, '2', '2024-08-25 13:18:21', '2024-08-25 13:18:21'),
(134, 1, 1, 'by', NULL, NULL, '2', '2024-08-25 13:18:32', '2024-08-25 13:18:32'),
(135, 1, 1, 'go', NULL, NULL, '2', '2024-08-25 13:18:49', '2024-08-25 13:18:49'),
(136, 1, 1, 'hy', NULL, NULL, '2', '2024-08-25 13:19:20', '2024-08-25 13:19:20'),
(137, 1, 1, 'go', NULL, NULL, '2', '2024-08-25 13:21:13', '2024-08-25 13:21:13'),
(138, 1, 1, 'hy', NULL, NULL, '2', '2024-08-25 13:22:48', '2024-08-25 13:22:48'),
(139, 1, 1, 'by', NULL, NULL, '2', '2024-08-25 13:22:59', '2024-08-25 13:22:59'),
(140, 1, 2, 'hello', NULL, NULL, '2', '2024-08-25 13:23:31', '2024-08-25 13:23:31'),
(141, 1, 2, 'nice', NULL, NULL, '2', '2024-08-25 13:24:30', '2024-08-25 13:24:30'),
(142, 1, 1, 'by', NULL, NULL, '2', '2024-08-25 13:24:38', '2024-08-25 13:24:38'),
(143, 1, 1, 'by', NULL, NULL, '2', '2024-08-25 13:24:55', '2024-08-25 13:24:55'),
(144, 1, 2, 'hoo', NULL, NULL, '2', '2024-08-25 13:29:26', '2024-08-25 13:29:26'),
(145, 1, 2, 'by', NULL, NULL, '2', '2024-08-25 13:29:54', '2024-08-25 13:29:54'),
(146, 1, 2, 'bbb', NULL, NULL, '2', '2024-08-25 13:30:59', '2024-08-25 13:30:59'),
(147, 1, 2, 'cccc', NULL, NULL, '2', '2024-08-25 13:31:57', '2024-08-25 13:31:57'),
(148, 1, 2, 'by', NULL, NULL, '2', '2024-08-25 13:33:25', '2024-08-25 13:33:25'),
(149, 1, 2, 'hy', NULL, NULL, '2', '2024-08-25 13:40:04', '2024-08-25 13:40:04'),
(150, 1, 1, 'hello', NULL, NULL, '2', '2024-08-25 13:40:17', '2024-08-25 13:40:17'),
(151, 1, 2, 'bbbb', NULL, NULL, '2', '2024-08-25 13:41:45', '2024-08-25 13:41:45'),
(152, 1, 2, 'nice', NULL, NULL, '2', '2024-08-25 13:44:53', '2024-08-25 13:44:53'),
(153, 1, 1, 'np', NULL, NULL, '2', '2024-08-25 13:45:03', '2024-08-25 13:45:03'),
(154, 1, 2, 'hello', NULL, NULL, '2', '2024-08-25 13:46:29', '2024-08-25 13:46:29'),
(155, 1, 1, 'morning', NULL, NULL, '2', '2024-08-25 13:46:40', '2024-08-25 13:46:40'),
(156, 1, 2, 'hy', NULL, NULL, '2', '2024-08-25 13:53:47', '2024-08-25 13:53:47'),
(157, 1, 2, 'nice', NULL, NULL, '2', '2024-08-25 13:53:53', '2024-08-25 13:53:53'),
(158, 1, 1, 'how', NULL, NULL, '2', '2024-08-25 13:53:59', '2024-08-25 13:53:59'),
(159, 1, 1, 'by', NULL, NULL, '2', '2024-08-25 13:54:13', '2024-08-25 13:54:13'),
(160, 1, 1, 'hello', NULL, NULL, '2', '2024-08-25 13:55:19', '2024-08-25 13:55:19'),
(161, 1, 2, 'nnn', NULL, NULL, '2', '2024-08-25 13:55:26', '2024-08-25 13:55:26'),
(162, 1, 1, 'by', NULL, NULL, '2', '2024-08-25 13:56:19', '2024-08-25 13:56:19'),
(163, 1, 1, 'how', NULL, NULL, '2', '2024-08-25 13:56:29', '2024-08-25 13:56:29'),
(164, 1, 2, 'heello', NULL, NULL, '2', '2024-08-25 14:03:11', '2024-08-25 14:03:11'),
(165, 1, 1, 'see', NULL, NULL, '2', '2024-08-25 14:04:59', '2024-08-25 14:04:59'),
(166, 1, 2, 'hello', NULL, NULL, '2', '2024-08-25 14:06:29', '2024-08-25 14:06:29'),
(167, 1, 1, 'hy', NULL, NULL, '2', '2024-08-25 14:06:42', '2024-08-25 14:06:42'),
(168, 1, 2, 'hello', NULL, NULL, '2', '2024-08-25 14:16:37', '2024-08-25 14:16:37'),
(169, 1, 1, 'HH', NULL, NULL, '2', '2024-08-25 14:16:51', '2024-08-25 14:16:51'),
(170, 1, 2, 'good', NULL, NULL, '2', '2024-08-25 14:18:12', '2024-08-25 14:18:12'),
(171, 1, 1, 'by', NULL, NULL, '2', '2024-08-25 14:18:18', '2024-08-25 14:18:18'),
(172, 1, 2, 'hello', NULL, NULL, '2', '2024-08-25 14:23:32', '2024-08-25 14:23:32'),
(173, 1, 2, 'hello', NULL, NULL, '2', '2024-08-25 14:26:19', '2024-08-25 14:26:19'),
(174, 1, 1, 'dee', NULL, NULL, '2', '2024-08-25 14:26:27', '2024-08-25 14:26:27'),
(175, 1, 2, 'hy', NULL, NULL, '2', '2024-08-25 14:27:38', '2024-08-25 14:27:38'),
(176, 1, 1, 'h', NULL, NULL, '2', '2024-08-25 14:27:43', '2024-08-25 14:27:43'),
(177, 1, 2, 'by', NULL, NULL, '2', '2024-08-25 14:35:49', '2024-08-25 14:35:49'),
(178, 1, 1, 'see you soon', NULL, NULL, '2', '2024-08-25 14:35:57', '2024-08-25 14:35:57'),
(179, 1, 2, 'hy', NULL, NULL, '2', '2024-08-25 14:49:16', '2024-08-25 14:49:16'),
(180, 1, 1, 'go', NULL, NULL, '2', '2024-08-25 14:49:29', '2024-08-25 14:49:29'),
(181, 1, 2, 'hy', NULL, NULL, '2', '2024-08-25 14:50:45', '2024-08-25 14:50:45'),
(182, 1, 2, 'go', NULL, NULL, '2', '2024-08-25 14:51:40', '2024-08-25 14:51:40'),
(183, 1, 1, 'hello', NULL, NULL, '2', '2024-08-25 14:53:15', '2024-08-25 14:53:15'),
(184, 1, 1, 'go', NULL, NULL, '2', '2024-08-25 14:53:24', '2024-08-25 14:53:24'),
(185, 1, 1, 'hy', NULL, NULL, '2', '2024-08-25 14:55:22', '2024-08-25 14:55:22'),
(186, 1, 2, 'by', NULL, NULL, '2', '2024-08-25 14:55:31', '2024-08-25 14:55:31'),
(187, 1, 2, 'yy', NULL, NULL, '2', '2024-08-25 14:56:06', '2024-08-25 14:56:06'),
(188, 1, 1, 'jj', NULL, NULL, '2', '2024-08-25 14:56:13', '2024-08-25 14:56:13'),
(189, 1, 2, 'hello', NULL, NULL, '2', '2024-08-25 15:01:19', '2024-08-25 15:01:19'),
(190, 1, 1, 'hello', NULL, NULL, '2', '2024-08-25 15:02:34', '2024-08-25 15:02:34'),
(191, 1, 2, 'hy', NULL, NULL, '2', '2024-08-25 15:03:09', '2024-08-25 15:03:09'),
(192, 1, 2, 'hy', NULL, NULL, '2', '2024-08-25 15:18:42', '2024-08-25 15:18:42'),
(193, 1, 1, 'good', NULL, NULL, '2', '2024-08-25 15:18:53', '2024-08-25 15:18:53'),
(194, 1, 2, 'hy', NULL, NULL, '2', '2024-08-25 15:22:19', '2024-08-25 15:22:19'),
(195, 1, 2, 'nice', NULL, NULL, '2', '2024-08-25 15:26:21', '2024-08-25 15:26:21'),
(196, 1, 1, 'good', NULL, NULL, '2', '2024-08-25 15:26:28', '2024-08-25 15:26:28'),
(197, 1, 2, 'hello', NULL, NULL, '2', '2024-08-25 15:32:20', '2024-08-25 15:32:20'),
(198, 1, 2, 'go', NULL, NULL, '2', '2024-08-25 15:32:34', '2024-08-25 15:32:34'),
(199, 1, 2, 'hello', NULL, NULL, '2', '2024-08-25 16:52:40', '2024-08-25 16:52:40'),
(200, 1, 2, 'hello', NULL, NULL, '2', '2024-08-25 16:52:51', '2024-08-25 16:52:51'),
(201, 1, 2, 'hello', NULL, NULL, '2', '2024-08-25 17:01:01', '2024-08-25 17:01:01'),
(202, 1, 2, 'hello', NULL, NULL, '1', '2024-08-25 17:04:12', '2024-08-25 17:04:12');

-- --------------------------------------------------------

--
-- Table structure for table `chat_participants`
--

CREATE TABLE `chat_participants` (
  `id` bigint UNSIGNED NOT NULL,
  `chat_id` bigint UNSIGNED NOT NULL,
  `user_id` bigint UNSIGNED NOT NULL,
  `watch` tinyint NOT NULL DEFAULT '0',
  `created_at` timestamp NULL DEFAULT NULL,
  `updated_at` timestamp NULL DEFAULT NULL
) ENGINE=InnoDB DEFAULT CHARSET=utf8mb4 COLLATE=utf8mb4_unicode_ci;

--
-- Dumping data for table `chat_participants`
--

INSERT INTO `chat_participants` (`id`, `chat_id`, `user_id`, `watch`, `created_at`, `updated_at`) VALUES
(1, 1, 1, 0, '2024-08-17 10:33:21', '2024-08-17 10:33:21'),
(2, 1, 2, 1, '2024-08-17 10:33:21', '2024-08-17 10:33:21'),
(3, 2, 1, 0, '2024-08-18 09:47:17', '2024-08-18 09:47:17'),
(4, 2, 3, 0, '2024-08-18 09:47:17', '2024-08-18 09:47:17'),
(5, 3, 2, 0, '2024-08-24 07:30:21', '2024-08-24 07:30:21'),
(6, 3, 3, 0, '2024-08-24 07:30:21', '2024-08-24 07:30:21'),
(7, 4, 1, 0, '2024-08-24 07:40:12', '2024-08-24 07:40:12'),
(8, 4, 4, 0, '2024-08-24 07:40:12', '2024-08-24 07:40:12');

-- --------------------------------------------------------

--
-- Table structure for table `failed_jobs`
--

CREATE TABLE `failed_jobs` (
  `id` bigint UNSIGNED NOT NULL,
  `uuid` varchar(255) COLLATE utf8mb4_unicode_ci NOT NULL,
  `connection` text COLLATE utf8mb4_unicode_ci NOT NULL,
  `queue` text COLLATE utf8mb4_unicode_ci NOT NULL,
  `payload` longtext COLLATE utf8mb4_unicode_ci NOT NULL,
  `exception` longtext COLLATE utf8mb4_unicode_ci NOT NULL,
  `failed_at` timestamp NOT NULL DEFAULT CURRENT_TIMESTAMP
) ENGINE=InnoDB DEFAULT CHARSET=utf8mb4 COLLATE=utf8mb4_unicode_ci;

-- --------------------------------------------------------

--
-- Table structure for table `favorite_chat`
--

CREATE TABLE `favorite_chat` (
  `id` int NOT NULL,
  `user_id` int NOT NULL,
  `chat_id` int NOT NULL,
  `created_at` timestamp NOT NULL DEFAULT CURRENT_TIMESTAMP,
  `updated_at` timestamp NOT NULL DEFAULT CURRENT_TIMESTAMP
) ENGINE=InnoDB DEFAULT CHARSET=latin1;

--
-- Dumping data for table `favorite_chat`
--

INSERT INTO `favorite_chat` (`id`, `user_id`, `chat_id`, `created_at`, `updated_at`) VALUES
(26, 1, 2, '2024-08-21 12:59:38', '2024-08-21 12:59:38'),
(43, 1, 1, '2024-08-25 02:29:25', '2024-08-25 02:29:25');

-- --------------------------------------------------------

--
-- Table structure for table `migrations`
--

CREATE TABLE `migrations` (
  `id` int UNSIGNED NOT NULL,
  `migration` varchar(255) COLLATE utf8mb4_unicode_ci NOT NULL,
  `batch` int NOT NULL
) ENGINE=InnoDB DEFAULT CHARSET=utf8mb4 COLLATE=utf8mb4_unicode_ci;

--
-- Dumping data for table `migrations`
--

INSERT INTO `migrations` (`id`, `migration`, `batch`) VALUES
(1, '2014_10_12_000000_create_users_table', 1),
(2, '2014_10_12_100000_create_password_resets_table', 1),
(3, '2019_08_19_000000_create_failed_jobs_table', 1),
(4, '2019_12_14_000001_create_personal_access_tokens_table', 1),
(5, '2022_09_15_143809_create_chats_table', 1),
(6, '2022_09_15_143828_create_chat_participants_table', 1),
(7, '2022_09_15_143842_create_chat_messages_table', 1);

-- --------------------------------------------------------

--
-- Table structure for table `password_resets`
--

CREATE TABLE `password_resets` (
  `email` varchar(255) COLLATE utf8mb4_unicode_ci NOT NULL,
  `token` varchar(255) COLLATE utf8mb4_unicode_ci NOT NULL,
  `created_at` timestamp NULL DEFAULT NULL
) ENGINE=InnoDB DEFAULT CHARSET=utf8mb4 COLLATE=utf8mb4_unicode_ci;

-- --------------------------------------------------------

--
-- Table structure for table `personal_access_tokens`
--

CREATE TABLE `personal_access_tokens` (
  `id` bigint UNSIGNED NOT NULL,
  `tokenable_type` varchar(255) COLLATE utf8mb4_unicode_ci NOT NULL,
  `tokenable_id` bigint UNSIGNED NOT NULL,
  `name` varchar(255) COLLATE utf8mb4_unicode_ci NOT NULL,
  `token` varchar(64) COLLATE utf8mb4_unicode_ci NOT NULL,
  `abilities` text COLLATE utf8mb4_unicode_ci,
  `last_used_at` timestamp NULL DEFAULT NULL,
  `expires_at` timestamp NULL DEFAULT NULL,
  `created_at` timestamp NULL DEFAULT NULL,
  `updated_at` timestamp NULL DEFAULT NULL
) ENGINE=InnoDB DEFAULT CHARSET=utf8mb4 COLLATE=utf8mb4_unicode_ci;

--
-- Dumping data for table `personal_access_tokens`
--

INSERT INTO `personal_access_tokens` (`id`, `tokenable_type`, `tokenable_id`, `name`, `token`, `abilities`, `last_used_at`, `expires_at`, `created_at`, `updated_at`) VALUES
(2, 'App\\Models\\User', 1, 'userToken', '43a6a8bdabc2dda7a618bb82b78bbac4adc1b6db1b1178c951ffc276bd162746', '[\"*\"]', NULL, NULL, '2024-08-17 10:23:27', '2024-08-17 10:23:27'),
(3, 'App\\Models\\User', 1, 'userToken', '925dccfaca64ce52b48219d20c5cc75415838ca14554accb30e8e796dd0f95ea', '[\"*\"]', '2024-08-20 02:52:00', NULL, '2024-08-17 10:30:20', '2024-08-20 02:52:00'),
(4, 'App\\Models\\User', 2, 'userToken', '7a8c6429af1c2c4ed804cd733d527b2d52720126f59bd6763a14f588ab2f5448', '[\"*\"]', NULL, NULL, '2024-08-17 10:32:50', '2024-08-17 10:32:50'),
(5, 'App\\Models\\User', 2, 'userToken', '6756b8e9811cc242911038821a23907e23b1dd5325f55f8b892031a8298e2b9f', '[\"*\"]', NULL, NULL, '2024-08-18 05:46:38', '2024-08-18 05:46:38'),
(6, 'App\\Models\\User', 2, 'userToken', 'c3691a6a51e42f879d917c8955037b1c6aa33c93c84614cac4143969356ca7fc', '[\"*\"]', '2024-08-18 16:19:55', NULL, '2024-08-18 05:58:07', '2024-08-18 16:19:55'),
(7, 'App\\Models\\User', 1, 'userToken', 'a506b1dee7883ea9a2e6286b0ceae2b1797e173ace02a7bb84ea1ecfbb08d56d', '[\"*\"]', '2024-08-18 06:03:29', NULL, '2024-08-18 05:58:09', '2024-08-18 06:03:29'),
(8, 'App\\Models\\User', 1, 'userToken', 'f3e12bad3fcd12a4c9b0bddf0f7e0994bbeef6ba12194718cabb43297f4dc27c', '[\"*\"]', '2024-08-18 07:53:15', NULL, '2024-08-18 07:43:01', '2024-08-18 07:53:15'),
(9, 'App\\Models\\User', 3, 'userToken', '1bb959582f2cef82f75a57ac72225876605a2a0adc40ccfe52af6d3cf7d75a5e', '[\"*\"]', NULL, NULL, '2024-08-18 07:51:05', '2024-08-18 07:51:05'),
(10, 'App\\Models\\User', 1, 'userToken', '4fd3f33b94d3681abd418451d36a66094593f677cbcaa1cae99d34ab9db3b91c', '[\"*\"]', NULL, NULL, '2024-08-18 08:18:02', '2024-08-18 08:18:02'),
(11, 'App\\Models\\User', 1, 'userToken', '1b1a572b69d50a376dc594fb97b938aa72aad4190df16c8cfe1bc701891a5a02', '[\"*\"]', NULL, NULL, '2024-08-18 08:18:05', '2024-08-18 08:18:05'),
(12, 'App\\Models\\User', 2, 'userToken', '57d19148e32a0e7c922c5f2239034976365fd4e22037cb2c0f59f69a42ca04ec', '[\"*\"]', '2024-08-18 16:41:35', NULL, '2024-08-18 16:19:49', '2024-08-18 16:41:35'),
(13, 'App\\Models\\User', 2, 'userToken', 'f67f924cf4779cf32514f74bc9f8ee475c177b7912214461c20cf1832694256e', '[\"*\"]', '2024-08-18 16:46:16', NULL, '2024-08-18 16:33:55', '2024-08-18 16:46:16'),
(14, 'App\\Models\\User', 1, 'userToken', '62367c19d5ceefaa8a8fabb025fae23b45acd9d8bb1e5ccb3b6147409fbd18a6', '[\"*\"]', '2024-08-18 16:35:12', NULL, '2024-08-18 16:34:19', '2024-08-18 16:35:12'),
(15, 'App\\Models\\User', 2, 'userToken', '8ff32a51897565ecb32c4c9a2b0c7827642061ba842609639f1ddf035133b245', '[\"*\"]', '2024-08-18 16:36:47', NULL, '2024-08-18 16:35:27', '2024-08-18 16:36:47'),
(16, 'App\\Models\\User', 1, 'userToken', 'c34bded6a454b006f7394d06a3d767715d0e82a622bc3ca3de59cba52e536d1a', '[\"*\"]', '2024-08-22 16:34:18', NULL, '2024-08-18 16:36:54', '2024-08-22 16:34:18'),
(17, 'App\\Models\\User', 2, 'userToken', '6bce977d6721d1a5bf135d6a902f5629f35a24cf48535d33390be0c53d4bfc3c', '[\"*\"]', '2024-08-20 05:08:40', NULL, '2024-08-20 02:25:40', '2024-08-20 05:08:40'),
(18, 'App\\Models\\User', 2, 'userToken', '8d0d2938553a756385b359729156f11291e3a6b53f914c0d3911a621fac6d015', '[\"*\"]', '2024-08-24 07:30:21', NULL, '2024-08-20 02:50:37', '2024-08-24 07:30:21'),
(19, 'App\\Models\\User', 2, 'userToken', '89cb49dd56c09b57a63c04d6eb9f1ab4fcc5ae21fe1a206affdfcbf7c3e927fa', '[\"*\"]', NULL, NULL, '2024-08-20 04:54:57', '2024-08-20 04:54:57'),
(20, 'App\\Models\\User', 1, 'userToken', '36686772174038475b052bdbbc0d86b893f0d51ae0eef12cb097c5f408e758b1', '[\"*\"]', NULL, NULL, '2024-08-20 04:56:55', '2024-08-20 04:56:55'),
(21, 'App\\Models\\User', 1, 'userToken', '5043806cec9d0ac147cf4049322e88f00d45ce898544debf44480ff1a96ccc23', '[\"*\"]', NULL, NULL, '2024-08-20 05:01:02', '2024-08-20 05:01:02'),
(22, 'App\\Models\\User', 1, 'userToken', '16f88ab963615330cddb209ffa1c82bf348a4831f1cfc61d8347a5e49501d2ed', '[\"*\"]', NULL, NULL, '2024-08-20 05:05:26', '2024-08-20 05:05:26'),
(23, 'App\\Models\\User', 1, 'userToken', '7a2eaca38dcc2a71ef53b5bfbf9a4a48c6ec7bb761d01206d3cbece5473514ac', '[\"*\"]', NULL, NULL, '2024-08-20 05:08:39', '2024-08-20 05:08:39'),
(24, 'App\\Models\\User', 1, 'userToken', '124497ad3d2277011ddbee6a15d7e36243b8dacedacd0c4a2b587f60036d90a1', '[\"*\"]', NULL, NULL, '2024-08-20 05:09:49', '2024-08-20 05:09:49'),
(25, 'App\\Models\\User', 1, 'userToken', '7e70917e868fa335567d73c8d0e0e3e388aaecf14c6542a2c50a88bc0bedfe3e', '[\"*\"]', '2024-08-20 05:10:38', NULL, '2024-08-20 05:10:37', '2024-08-20 05:10:38'),
(26, 'App\\Models\\User', 1, 'userToken', '03f05c51709e2c65ed6b317c360abeeee48c7caa1db7b1116d940245369f1140', '[\"*\"]', '2024-08-20 05:29:37', NULL, '2024-08-20 05:29:36', '2024-08-20 05:29:37'),
(27, 'App\\Models\\User', 1, 'userToken', 'e3a7e7db6d642e01c2e424084cfe2d9583aab48e75252bb14388c352ab0792f8', '[\"*\"]', '2024-08-20 05:30:06', NULL, '2024-08-20 05:30:05', '2024-08-20 05:30:06'),
(28, 'App\\Models\\User', 1, 'userToken', 'dcfce4f3a9955eab51106918f8ee72e293d782760a01b8137ea280cacc09e262', '[\"*\"]', '2024-08-20 05:32:07', NULL, '2024-08-20 05:32:05', '2024-08-20 05:32:07'),
(29, 'App\\Models\\User', 1, 'userToken', '2fe625d7fc5067c44823f87da757de7d0fff49f11539163b439468281a6b20c7', '[\"*\"]', '2024-08-20 05:37:27', NULL, '2024-08-20 05:37:26', '2024-08-20 05:37:27'),
(30, 'App\\Models\\User', 1, 'userToken', 'f628958e1cf06f7cd9e4f16ada2a1ab82834fa9b3d2a87be5424bc8e2901bb45', '[\"*\"]', '2024-08-20 05:41:38', NULL, '2024-08-20 05:41:36', '2024-08-20 05:41:38'),
(31, 'App\\Models\\User', 1, 'userToken', '191c3a9cdd898632938bb41e7bf0d062351d8ea88566751a8402dbbbac4e7cbf', '[\"*\"]', '2024-08-20 05:46:11', NULL, '2024-08-20 05:46:05', '2024-08-20 05:46:11'),
(32, 'App\\Models\\User', 1, 'userToken', 'dfdbc968eee15539bbfc2cd468496b2ba86caae5fe6a279520682e645c8653f1', '[\"*\"]', '2024-08-20 05:49:47', NULL, '2024-08-20 05:47:52', '2024-08-20 05:49:47'),
(33, 'App\\Models\\User', 1, 'userToken', '7be4e92b1ab7f68dc47c6586a8ed2c1104611f384206ba39839391071a7a5f76', '[\"*\"]', '2024-08-20 05:54:01', NULL, '2024-08-20 05:53:46', '2024-08-20 05:54:01'),
(34, 'App\\Models\\User', 1, 'userToken', 'd45a66602af3eb4109cf3037ea93fab58bdad19493a7ff0a42c371169864070d', '[\"*\"]', '2024-08-20 05:54:46', NULL, '2024-08-20 05:54:35', '2024-08-20 05:54:46'),
(35, 'App\\Models\\User', 1, 'userToken', '1543d5e9854e7425167eb91e64fac7965b878af8c399e800bbb8b644496636a4', '[\"*\"]', '2024-08-20 06:01:02', NULL, '2024-08-20 06:00:49', '2024-08-20 06:01:02'),
(36, 'App\\Models\\User', 1, 'userToken', '5f329f15e5f6dde500a0a51fbc2f18c2a7279a8f268b04ae1c3a0860a8918ed1', '[\"*\"]', '2024-08-20 06:11:27', NULL, '2024-08-20 06:11:15', '2024-08-20 06:11:27'),
(37, 'App\\Models\\User', 1, 'userToken', 'a10f5d40e79c58a25893d798587c26692c141c46d321485498afde03e29acd13', '[\"*\"]', '2024-08-20 06:32:14', NULL, '2024-08-20 06:28:34', '2024-08-20 06:32:14'),
(38, 'App\\Models\\User', 2, 'userToken', 'f7afb4a4de06b46187c1e9848f974c4334a95b721a8f357e030c3cac1becc211', '[\"*\"]', '2024-08-20 06:44:22', NULL, '2024-08-20 06:29:49', '2024-08-20 06:44:22'),
(39, 'App\\Models\\User', 1, 'userToken', '545220f6f5a39a1b1d9ff35691a8d2785cc4ad3ad56bf2be74a9d03fba31e8f7', '[\"*\"]', '2024-08-20 06:33:31', NULL, '2024-08-20 06:33:19', '2024-08-20 06:33:31'),
(40, 'App\\Models\\User', 1, 'userToken', 'f8f97f4cb26709a0f0e653858ab7fe4686fe2f30e9498fbde28257b6d880b934', '[\"*\"]', '2024-08-20 06:39:19', NULL, '2024-08-20 06:39:18', '2024-08-20 06:39:19'),
(41, 'App\\Models\\User', 1, 'userToken', '95541c0055669a13302506c35ef7b8bb7a43bd208a2755c8e8fb1a7d565d6274', '[\"*\"]', '2024-08-20 06:41:14', NULL, '2024-08-20 06:41:08', '2024-08-20 06:41:14'),
(42, 'App\\Models\\User', 1, 'userToken', '94e60997b26929cedd4516b8fe7aee436987868f1071cb7f994c222c41b294bf', '[\"*\"]', '2024-08-20 06:44:07', NULL, '2024-08-20 06:44:01', '2024-08-20 06:44:07'),
(43, 'App\\Models\\User', 1, 'userToken', 'db537d71bf964da7c37c7fd332266ef8c3d9e27cb7807d46c5634b2a76c7e49d', '[\"*\"]', '2024-08-20 06:46:51', NULL, '2024-08-20 06:46:49', '2024-08-20 06:46:51'),
(44, 'App\\Models\\User', 1, 'userToken', '261014591252a02dcbd74c7fc4a58d01fb58d25ac1847d8242e1a77d1f79bed2', '[\"*\"]', '2024-08-20 06:50:34', NULL, '2024-08-20 06:47:12', '2024-08-20 06:50:34'),
(45, 'App\\Models\\User', 2, 'userToken', 'c30a8d09575f003f51b65c416b7156eb8dd274ee2eaa47c1276454d3f189a3e9', '[\"*\"]', '2024-08-20 06:48:34', NULL, '2024-08-20 06:47:23', '2024-08-20 06:48:34'),
(46, 'App\\Models\\User', 1, 'userToken', '1b1414f7ccdde27536d1b81e5921b8a86431ae8936fb2f86f4a9a7c56ef241b1', '[\"*\"]', '2024-08-20 06:53:18', NULL, '2024-08-20 06:53:12', '2024-08-20 06:53:18'),
(47, 'App\\Models\\User', 1, 'userToken', 'e99f90bd7137cc9ea7d6309a3d8752561a1b077117227b4ea462183299680861', '[\"*\"]', '2024-08-20 06:55:20', NULL, '2024-08-20 06:55:19', '2024-08-20 06:55:20'),
(48, 'App\\Models\\User', 1, 'userToken', 'c031749e4645c26052787140b48408cf99e1d2e7597f1f71105e5860b3bab00c', '[\"*\"]', '2024-08-20 06:56:00', NULL, '2024-08-20 06:55:54', '2024-08-20 06:56:00'),
(49, 'App\\Models\\User', 1, 'userToken', '579660f36d90b6e55578a78ab2f5dc97a0818e32cba1e122184a90f55e469c82', '[\"*\"]', '2024-08-20 07:10:57', NULL, '2024-08-20 07:10:45', '2024-08-20 07:10:57'),
(50, 'App\\Models\\User', 1, 'userToken', 'f064651ff26ce73358d716842661e2a6cb22c2b4a4d64f09307186bdbb23490b', '[\"*\"]', '2024-08-20 07:20:50', NULL, '2024-08-20 07:20:49', '2024-08-20 07:20:50'),
(51, 'App\\Models\\User', 1, 'userToken', '639a5e507fbba98041a0ed58df3fa44e7d359106b9ca7e26ff96c6242c8cd052', '[\"*\"]', '2024-08-20 07:22:29', NULL, '2024-08-20 07:22:28', '2024-08-20 07:22:29'),
(52, 'App\\Models\\User', 1, 'userToken', 'ee7241a1aadf68d1e33523b06055db45f6f1b129863a6c893b07494f88b4af12', '[\"*\"]', '2024-08-20 07:35:38', NULL, '2024-08-20 07:35:37', '2024-08-20 07:35:38'),
(53, 'App\\Models\\User', 1, 'userToken', '3b6a75a0771f38a5e4aee4779bc82810967d8710daa6cd4a5cef927501b488e1', '[\"*\"]', NULL, NULL, '2024-08-20 07:39:36', '2024-08-20 07:39:36'),
(54, 'App\\Models\\User', 1, 'userToken', '04245776561d52772f3985b1ee69aa630e6ad40f74270e5cb0de3fff5314d972', '[\"*\"]', '2024-08-20 07:39:44', NULL, '2024-08-20 07:39:43', '2024-08-20 07:39:44'),
(55, 'App\\Models\\User', 1, 'userToken', '840d65875a7768306b48311ed3626f54e04408d04e85894f5127c1ffeecac98c', '[\"*\"]', '2024-08-20 07:41:18', NULL, '2024-08-20 07:41:17', '2024-08-20 07:41:18'),
(56, 'App\\Models\\User', 1, 'userToken', '8dadd23516a69c434685b80e2bf11578f3e0982066cd3feca3c5bf3fe1073683', '[\"*\"]', '2024-08-20 08:09:40', NULL, '2024-08-20 08:09:39', '2024-08-20 08:09:40'),
(57, 'App\\Models\\User', 1, 'userToken', '3c76b3e1aeb41a3da6917920bcfb55f1f104d02461cf2688fa336bd2aa40d244', '[\"*\"]', '2024-08-20 08:21:54', NULL, '2024-08-20 08:21:53', '2024-08-20 08:21:54'),
(58, 'App\\Models\\User', 1, 'userToken', '3cf6560675f845f1017ee30340c786dd351680c2c772160a07fd3a1db680d3d7', '[\"*\"]', '2024-08-20 09:20:25', NULL, '2024-08-20 09:20:24', '2024-08-20 09:20:25'),
(59, 'App\\Models\\User', 1, 'userToken', 'be74256d2aaf049e60dfed9679cad95165644b67ef9ee8288eaf4e54bb166bc8', '[\"*\"]', '2024-08-20 09:29:02', NULL, '2024-08-20 09:29:01', '2024-08-20 09:29:02'),
(60, 'App\\Models\\User', 1, 'userToken', '8876dbeff880855f6b3f5f1d9cea5434572ecca2668ec677611d47af0de895aa', '[\"*\"]', '2024-08-20 09:47:59', NULL, '2024-08-20 09:47:57', '2024-08-20 09:47:59'),
(61, 'App\\Models\\User', 1, 'userToken', 'e1aba632f67280d5f42609a49ddc6c03dc87e857c33a57135926ac8b05a42d3c', '[\"*\"]', '2024-08-20 09:51:16', NULL, '2024-08-20 09:51:15', '2024-08-20 09:51:16'),
(62, 'App\\Models\\User', 1, 'userToken', '7fc336500cd5df58a268799640e3bb8db68210c41b34ab3575c83e8d70e85724', '[\"*\"]', '2024-08-20 10:35:27', NULL, '2024-08-20 09:58:10', '2024-08-20 10:35:27'),
(63, 'App\\Models\\User', 1, 'userToken', '79e56f76b47eaafcf2bc606feda2f5f8897d9b4f45fe955227c558662a056eef', '[\"*\"]', '2024-08-20 10:05:35', NULL, '2024-08-20 10:05:34', '2024-08-20 10:05:35'),
(64, 'App\\Models\\User', 1, 'userToken', '89c6c2f7992c96c3b7845aec157b12591d7f304e3ff350cc22b53d3258295b28', '[\"*\"]', '2024-08-20 10:06:31', NULL, '2024-08-20 10:06:19', '2024-08-20 10:06:31'),
(65, 'App\\Models\\User', 1, 'userToken', '04540598dd8d289671a08a9594c7715857024e5270eacfcd4047b56a5ed244d8', '[\"*\"]', '2024-08-20 10:35:27', NULL, '2024-08-20 10:25:41', '2024-08-20 10:35:27'),
(66, 'App\\Models\\User', 1, 'userToken', 'dd3085aebe1b45d335e8538c1baba40f5be795c654c0ddab3eef2891447589b2', '[\"*\"]', '2024-08-20 13:23:59', NULL, '2024-08-20 10:43:55', '2024-08-20 13:23:59'),
(67, 'App\\Models\\User', 2, 'userToken', '10e606906e89716d79441d11404a0516843d1ee71f08bcbd495e9dc69fa84938', '[\"*\"]', '2024-08-20 10:47:22', NULL, '2024-08-20 10:45:54', '2024-08-20 10:47:22'),
(68, 'App\\Models\\User', 1, 'userToken', '14ef12759851e42ffb142e69ed4c437493b81d4b3588891680bfd6f8f6247990', '[\"*\"]', '2024-08-20 17:20:48', NULL, '2024-08-20 15:36:43', '2024-08-20 17:20:48'),
(69, 'App\\Models\\User', 1, 'userToken', 'b1788e1c70b3783ffa54752f8525a547652f3adc231a928afd4b0f5504b6afdb', '[\"*\"]', '2024-08-20 17:20:55', NULL, '2024-08-20 16:01:20', '2024-08-20 17:20:55'),
(70, 'App\\Models\\User', 1, 'userToken', '88123713af97c4102e510e6f6ab4a4cc9563dfd3c60c4d9c042579bf362be3bf', '[\"*\"]', '2024-08-20 17:39:43', NULL, '2024-08-20 17:21:51', '2024-08-20 17:39:43'),
(71, 'App\\Models\\User', 1, 'userToken', '43f05e27bd2e19ade6d0483fe9d7052346bd07593edef0f0c1e966ce64cedd11', '[\"*\"]', '2024-08-20 17:39:43', NULL, '2024-08-20 17:36:13', '2024-08-20 17:39:43'),
(72, 'App\\Models\\User', 1, 'userToken', 'd680c1266cc708dea5dfb8365d4b700dedf6be3c21c6989f34d0ba0e5085fcdf', '[\"*\"]', '2024-08-20 17:43:07', NULL, '2024-08-20 17:42:37', '2024-08-20 17:43:07'),
(73, 'App\\Models\\User', 1, 'userToken', '20065181b2fd0649b1a569840fdfc56ba8a505ec4c93b0c263022afdfe58eb69', '[\"*\"]', '2024-08-20 18:00:54', NULL, '2024-08-20 17:45:31', '2024-08-20 18:00:54'),
(74, 'App\\Models\\User', 1, 'userToken', 'a6704e88b5cd1dc3420620f3352724a15cab5e6847b84fd93fa9be41372a5f02', '[\"*\"]', '2024-08-20 17:51:15', NULL, '2024-08-20 17:51:14', '2024-08-20 17:51:15'),
(75, 'App\\Models\\User', 1, 'userToken', '094d52dc6a8c9e67608e2c4ecc2cb4f408a76b8dc2751ab40c98f258098fbbd4', '[\"*\"]', '2024-08-20 17:52:44', NULL, '2024-08-20 17:51:43', '2024-08-20 17:52:44'),
(76, 'App\\Models\\User', 1, 'userToken', 'a52895516fb45ccb7ab1147a323d25b7fa7537038a6ae6373a6ba6102da1efef', '[\"*\"]', '2024-08-20 18:00:54', NULL, '2024-08-20 17:58:33', '2024-08-20 18:00:54'),
(77, 'App\\Models\\User', 1, 'userToken', '8cf233e9dce70cd82fe3e01db0f754111d2c0afbefe2bc62a05f039989346459', '[\"*\"]', '2024-08-21 05:11:52', NULL, '2024-08-21 04:44:25', '2024-08-21 05:11:52'),
(78, 'App\\Models\\User', 1, 'userToken', '477da7c1aa7a06f4413a390d58fceeb6368cb57b547bbdb71480a94fc98863f8', '[\"*\"]', '2024-08-21 05:02:28', NULL, '2024-08-21 04:59:48', '2024-08-21 05:02:28'),
(79, 'App\\Models\\User', 1, 'userToken', '29159e08cf8c449a17d4c1ca3230aeda4764c5fc2798f698497aa9d80e38abd7', '[\"*\"]', '2024-08-21 05:03:11', NULL, '2024-08-21 05:02:43', '2024-08-21 05:03:11'),
(80, 'App\\Models\\User', 1, 'userToken', '3b086119f2f5a66ea8ad3015f34b3bdf6aa9a406eee5186a8c40675a3dd543ae', '[\"*\"]', '2024-08-21 05:05:03', NULL, '2024-08-21 05:04:54', '2024-08-21 05:05:03'),
(81, 'App\\Models\\User', 3, 'userToken', '4ca2ecfdf75ced44d68bc88e8ec2706a7aa7ce99e942802ce0cbb3851eff8e52', '[\"*\"]', '2024-08-21 05:08:53', NULL, '2024-08-21 05:05:22', '2024-08-21 05:08:53'),
(82, 'App\\Models\\User', 1, 'userToken', '44df7e9a550338b152395718f03a754b8ea69dd492878e3daeebb0b53d5259bd', '[\"*\"]', '2024-08-21 05:25:53', NULL, '2024-08-21 05:09:30', '2024-08-21 05:25:53'),
(83, 'App\\Models\\User', 1, 'userToken', '7cf9bdc9e86ebcb1143c3f3a426d01048a4751b6d37d713eecdd1405395d978e', '[\"*\"]', '2024-08-21 07:51:15', NULL, '2024-08-21 05:37:23', '2024-08-21 07:51:15'),
(84, 'App\\Models\\User', 2, 'userToken', 'ab039b6e4a21b2a57a2c52000d114263a0b476fcd8fb4b3142d57530cf76bb34', '[\"*\"]', '2024-08-21 05:55:46', NULL, '2024-08-21 05:52:21', '2024-08-21 05:55:46'),
(85, 'App\\Models\\User', 1, 'userToken', '4f86ec16620243c2b0206a1d7fcdf3a6184139e27b651181101b37bbaebcd158', '[\"*\"]', '2024-08-21 06:56:47', NULL, '2024-08-21 05:58:05', '2024-08-21 06:56:47'),
(86, 'App\\Models\\User', 1, 'userToken', 'da02a0f272f422f36674830a21b68743527bdde1a628d1e92605c07a9f48d4fd', '[\"*\"]', '2024-08-21 07:14:50', NULL, '2024-08-21 06:58:10', '2024-08-21 07:14:50'),
(87, 'App\\Models\\User', 1, 'userToken', '72fd30ab26257cea272761c92166101137d426aaeeb5ea0dc3fd9d66e178eae7', '[\"*\"]', '2024-08-21 07:48:43', NULL, '2024-08-21 07:35:04', '2024-08-21 07:48:43'),
(88, 'App\\Models\\User', 1, 'userToken', 'd9bf12e16dce6e8ab0ee05039e2f0465d21a3a703488990d64dfdff13af8ae8c', '[\"*\"]', '2024-08-21 07:49:50', NULL, '2024-08-21 07:49:37', '2024-08-21 07:49:50'),
(89, 'App\\Models\\User', 1, 'userToken', '544a42df0d6d1b7b6d9e41f6d7754c611f1333c7eb21cedacab89a7dde6c6279', '[\"*\"]', '2024-08-21 07:51:16', NULL, '2024-08-21 07:51:01', '2024-08-21 07:51:16'),
(90, 'App\\Models\\User', 1, 'userToken', '83af8ef98ca277edf29134dd8e25787662824cde3843c0bb439ed58af1d2f1d8', '[\"*\"]', NULL, NULL, '2024-08-21 08:13:41', '2024-08-21 08:13:41'),
(91, 'App\\Models\\User', 1, 'userToken', '584c6071c2d24c1f4bfb3d6c83348275ab44a462e5401121d976fe3b8b29464f', '[\"*\"]', '2024-08-21 08:15:34', NULL, '2024-08-21 08:14:49', '2024-08-21 08:15:34'),
(92, 'App\\Models\\User', 1, 'userToken', 'd1abd828587442b0d9034692cbf5bbde9e2604b0f9767d54225af74a31ace952', '[\"*\"]', '2024-08-21 08:18:30', NULL, '2024-08-21 08:18:22', '2024-08-21 08:18:30'),
(93, 'App\\Models\\User', 1, 'userToken', '3a8cc8daf8257fffcad84c5105693a42537ef82a2b3e7e72812ac67cf9b6a7ac', '[\"*\"]', '2024-08-21 08:22:38', NULL, '2024-08-21 08:21:41', '2024-08-21 08:22:38'),
(94, 'App\\Models\\User', 1, 'userToken', '169e36ac768601313d53dd2c63684d531cfc084572c4656d11b7117b38d9a950', '[\"*\"]', '2024-08-21 08:33:01', NULL, '2024-08-21 08:30:10', '2024-08-21 08:33:01'),
(95, 'App\\Models\\User', 1, 'userToken', 'f0fab0f4c176744af322c658bbbb608843684eb9d4143ba082ac9fa92292f2d4', '[\"*\"]', '2024-08-21 11:29:17', NULL, '2024-08-21 09:22:37', '2024-08-21 11:29:17'),
(96, 'App\\Models\\User', 1, 'userToken', '3b2c1c14cf4602671ab0bd5c42e36c5af489115e9fb63e491ad2105b919be7cc', '[\"*\"]', '2024-08-21 09:28:00', NULL, '2024-08-21 09:24:06', '2024-08-21 09:28:00'),
(97, 'App\\Models\\User', 1, 'userToken', '73aa38b5353a6493ebaac90df1a3037718960086b8050fdf755decd5c8e072cf', '[\"*\"]', '2024-08-21 09:30:34', NULL, '2024-08-21 09:29:33', '2024-08-21 09:30:34'),
(98, 'App\\Models\\User', 1, 'userToken', '3ffab1b539e5fc8a8717ee5ad7802df76c031b33747413b5951ab578f344aff1', '[\"*\"]', '2024-08-21 09:31:24', NULL, '2024-08-21 09:30:55', '2024-08-21 09:31:24'),
(99, 'App\\Models\\User', 1, 'userToken', 'c20ec0d64a7da612b21dd4f41a2fe4f3a1f08a45a5e329bbdb9804c409f63de2', '[\"*\"]', '2024-08-21 09:44:52', NULL, '2024-08-21 09:44:18', '2024-08-21 09:44:52'),
(100, 'App\\Models\\User', 1, 'userToken', '69c84120a875cf3420af31bf00e3b7f5fddb8cf8872018b3d97544206f1e8fb6', '[\"*\"]', '2024-08-21 09:47:55', NULL, '2024-08-21 09:47:53', '2024-08-21 09:47:55'),
(101, 'App\\Models\\User', 1, 'userToken', 'f3ef643fea2ef012c3a855d54361c8084ff5f9592d25de45bc9662078569fdaa', '[\"*\"]', '2024-08-21 09:55:13', NULL, '2024-08-21 09:50:29', '2024-08-21 09:55:13'),
(102, 'App\\Models\\User', 1, 'userToken', 'ae355b975972b2377469af4aea3081be86c5b1df70230cefbae0b13e5234312a', '[\"*\"]', '2024-08-21 10:03:47', NULL, '2024-08-21 09:56:07', '2024-08-21 10:03:47'),
(103, 'App\\Models\\User', 1, 'userToken', '188ccd7c3123f4b455b7f95d4a19449b404d7dcbfa516cd6578c5a4b1a7dc48c', '[\"*\"]', '2024-08-21 10:20:56', NULL, '2024-08-21 10:20:54', '2024-08-21 10:20:56'),
(104, 'App\\Models\\User', 1, 'userToken', 'cb623f79286bb52eefcd590619aa13c348714f7678510a508e93e6db83348a6e', '[\"*\"]', '2024-08-21 10:28:44', NULL, '2024-08-21 10:22:00', '2024-08-21 10:28:44'),
(105, 'App\\Models\\User', 1, 'userToken', 'd8cfc18dab13115748594f87867427e342d312f713358ee0c2947058ed70d83f', '[\"*\"]', '2024-08-21 10:47:40', NULL, '2024-08-21 10:30:46', '2024-08-21 10:47:40'),
(106, 'App\\Models\\User', 1, 'userToken', 'c83074088d97a36beaa07f1542f5fe8d619281c60130cf7736cbcab8473b7fb4', '[\"*\"]', '2024-08-21 10:55:45', NULL, '2024-08-21 10:49:45', '2024-08-21 10:55:45'),
(107, 'App\\Models\\User', 1, 'userToken', 'b6497c4e12cdc015bca5fd465408377c9a17511c63467eb91220b362511fc60a', '[\"*\"]', '2024-08-21 10:59:32', NULL, '2024-08-21 10:56:16', '2024-08-21 10:59:32'),
(108, 'App\\Models\\User', 1, 'userToken', '50f25842d2dc24cff76c0ea669455832d789141d2c11ebeec3a63cb01c8b8304', '[\"*\"]', '2024-08-21 11:07:58', NULL, '2024-08-21 11:03:24', '2024-08-21 11:07:58'),
(109, 'App\\Models\\User', 1, 'userToken', 'd5e4a12f359c2756bfc770b5a92386f7cf7950dc5d47e5be496e9f866882e2d1', '[\"*\"]', '2024-08-21 11:10:44', NULL, '2024-08-21 11:08:18', '2024-08-21 11:10:44'),
(110, 'App\\Models\\User', 1, 'userToken', '0bb5e00e26aedf23d0e07e1e7500b22f2a634bc0488fec6a03931ac8f0fd946f', '[\"*\"]', '2024-08-21 11:12:46', NULL, '2024-08-21 11:11:00', '2024-08-21 11:12:46'),
(111, 'App\\Models\\User', 1, 'userToken', '58fde5f0df2161b730f59b215faf5b3dbf005e8454ee3569078a38832de56610', '[\"*\"]', '2024-08-21 11:14:02', NULL, '2024-08-21 11:13:06', '2024-08-21 11:14:02'),
(112, 'App\\Models\\User', 1, 'userToken', '665c4ccc91c11dbbe868c761e8b01ac90a97200fee5f0ebdbb5c21d161a62624', '[\"*\"]', '2024-08-21 11:22:54', NULL, '2024-08-21 11:14:36', '2024-08-21 11:22:54'),
(113, 'App\\Models\\User', 1, 'userToken', '005e67420e8cf51cf1f41731113e0a6082c5acba79ff18565d8e969a143b1624', '[\"*\"]', '2024-08-21 11:25:58', NULL, '2024-08-21 11:25:10', '2024-08-21 11:25:58'),
(114, 'App\\Models\\User', 1, 'userToken', '1c2415fdc4aa8c12d437f9b82ee85a2aba8a07845afbd19057cb3864e970c7ee', '[\"*\"]', '2024-08-21 11:58:45', NULL, '2024-08-21 11:26:42', '2024-08-21 11:58:45'),
(115, 'App\\Models\\User', 1, 'userToken', '0cc01a9918853f6a5fc076fbfa27a572844e5b63db0899deda7424c8878c62cd', '[\"*\"]', '2024-08-21 13:17:11', NULL, '2024-08-21 12:03:35', '2024-08-21 13:17:11'),
(116, 'App\\Models\\User', 1, 'userToken', 'afb62d78d83ac1d6362d5b00925ac4ff200ce0cb69ae8428c691070d2d72b31f', '[\"*\"]', '2024-08-21 12:07:05', NULL, '2024-08-21 12:07:03', '2024-08-21 12:07:05'),
(117, 'App\\Models\\User', 1, 'userToken', '5d76839db432af8cbccd2d0d8120dd93b350813617c7b84fc6e806d72d843c76', '[\"*\"]', '2024-08-21 12:28:45', NULL, '2024-08-21 12:25:13', '2024-08-21 12:28:45'),
(118, 'App\\Models\\User', 1, 'userToken', '8e929e401136cbe5c0e7fc49e9bfcd9afa569656cffa5c3534666d79fc9c817a', '[\"*\"]', '2024-08-21 12:29:51', NULL, '2024-08-21 12:28:52', '2024-08-21 12:29:51'),
(119, 'App\\Models\\User', 1, 'userToken', 'a744b6590b5382db0bbf58cf5b1259283b1214d13e16778a0a68832c1c5b5859', '[\"*\"]', '2024-08-21 12:31:49', NULL, '2024-08-21 12:30:18', '2024-08-21 12:31:49'),
(120, 'App\\Models\\User', 1, 'userToken', 'cf8ec1e0608ad811dd93d366273ff0c4036077b6f026fc890ac1a463798c7617', '[\"*\"]', '2024-08-21 12:35:52', NULL, '2024-08-21 12:33:44', '2024-08-21 12:35:52'),
(121, 'App\\Models\\User', 1, 'userToken', '93adf7b79f76f29a157d293b3e97670d70b0e60b880a3674d094b5eaddd437c1', '[\"*\"]', '2024-08-21 12:37:41', NULL, '2024-08-21 12:36:02', '2024-08-21 12:37:41'),
(122, 'App\\Models\\User', 1, 'userToken', '649311eae0920cf14e995850a44b09a07e4fda25f6d52df6196241e4a1face60', '[\"*\"]', '2024-08-21 12:40:47', NULL, '2024-08-21 12:37:47', '2024-08-21 12:40:47'),
(123, 'App\\Models\\User', 1, 'userToken', '0788569d27e0a326a5deafa032b401d875832ffc88c69d873e76be7fee7106ea', '[\"*\"]', '2024-08-21 12:40:59', NULL, '2024-08-21 12:40:57', '2024-08-21 12:40:59'),
(124, 'App\\Models\\User', 1, 'userToken', 'e9b416bae5642bd92c32cb9dde2b9247cfb97dbfbc6cac843f3d50f20d79e81e', '[\"*\"]', '2024-08-21 12:54:39', NULL, '2024-08-21 12:42:30', '2024-08-21 12:54:39'),
(125, 'App\\Models\\User', 1, 'userToken', 'c34993899a3a8eb731dc88fe148a4ff683d2138b9655daa54f9ec8f2a795b14a', '[\"*\"]', '2024-08-21 13:21:36', NULL, '2024-08-21 12:59:17', '2024-08-21 13:21:36'),
(126, 'App\\Models\\User', 1, 'userToken', '2f17aa673734bc02b37d1def0f5065f5307618c67faa3bb4dc48259ec12628ff', '[\"*\"]', '2024-08-22 05:28:37', NULL, '2024-08-22 05:28:18', '2024-08-22 05:28:37'),
(127, 'App\\Models\\User', 1, 'userToken', 'e6f499d73615e91dad63bcfad087af1c35e88956522422c4a45e1d833171f3d8', '[\"*\"]', '2024-08-22 06:18:08', NULL, '2024-08-22 05:31:03', '2024-08-22 06:18:08'),
(128, 'App\\Models\\User', 1, 'userToken', 'a7d4617f47aed04b00ed0be75b9edf1053b4cd8e28951365b0ecc1fd60e11600', '[\"*\"]', '2024-08-22 06:19:10', NULL, '2024-08-22 06:19:01', '2024-08-22 06:19:10'),
(129, 'App\\Models\\User', 1, 'userToken', '46f3b9da57f1ce10fb86972aa8b216669b3a832ab623c98b5d07133c68d0ef8f', '[\"*\"]', '2024-08-22 06:24:19', NULL, '2024-08-22 06:23:28', '2024-08-22 06:24:19'),
(130, 'App\\Models\\User', 1, 'userToken', '79ece141c7ac577e4897f62bdae210cf69fe120441a252f3220afc72185e6deb', '[\"*\"]', '2024-08-22 06:45:25', NULL, '2024-08-22 06:25:04', '2024-08-22 06:45:25'),
(131, 'App\\Models\\User', 1, 'userToken', '607b4e069bc37a9d27b8fba3e475b34c3f120e6d1942b1c0719e0329fe29f89f', '[\"*\"]', '2024-08-22 06:45:04', NULL, '2024-08-22 06:44:46', '2024-08-22 06:45:04'),
(132, 'App\\Models\\User', 2, 'userToken', '2dd57911aa0409ebbbca030ad9770489f908aac8f4f2f340bc836073e7b2eeb0', '[\"*\"]', '2024-08-22 06:46:03', NULL, '2024-08-22 06:45:14', '2024-08-22 06:46:03'),
(133, 'App\\Models\\User', 1, 'userToken', 'bb020f6cac2c7ef1dcf4d4147f69dde755ab020f3043eb54d30f206fc7dbead6', '[\"*\"]', '2024-08-22 07:00:27', NULL, '2024-08-22 06:48:29', '2024-08-22 07:00:27'),
(134, 'App\\Models\\User', 1, 'userToken', 'eceb5cf903bb1269fbc0783810635ca3cc4bdf41594738cf53466f7fac93947f', '[\"*\"]', '2024-08-22 07:04:03', NULL, '2024-08-22 07:03:58', '2024-08-22 07:04:03'),
(135, 'App\\Models\\User', 1, 'userToken', '09ff459641612cdc3f39e04e9a3764fd8843eddf3f64ea769be411b682aa4407', '[\"*\"]', '2024-08-22 07:38:18', NULL, '2024-08-22 07:21:34', '2024-08-22 07:38:18'),
(136, 'App\\Models\\User', 1, 'userToken', '3108b25419a3b154480b55bb36cd6e11f07d69e27c8113ac17aac65590998129', '[\"*\"]', '2024-08-22 07:26:07', NULL, '2024-08-22 07:26:02', '2024-08-22 07:26:07'),
(137, 'App\\Models\\User', 1, 'userToken', 'e227abc2930ec5a0d90eda077e906be802906dd90f27a109a379a565ede5ae44', '[\"*\"]', '2024-08-22 07:38:20', NULL, '2024-08-22 07:31:20', '2024-08-22 07:38:20'),
(138, 'App\\Models\\User', 1, 'userToken', '3d6d4fd28926f30b2076e8d6bc9bb00b36963a47b2dfa5d03b5f52163ee86682', '[\"*\"]', '2024-08-22 08:32:53', NULL, '2024-08-22 07:48:31', '2024-08-22 08:32:53'),
(139, 'App\\Models\\User', 1, 'userToken', 'bfd1ad066b5fb7c7824da6bc2de9a8d3992c8c07a99b51d3456b66c8999277cc', '[\"*\"]', '2024-08-22 09:26:33', NULL, '2024-08-22 08:44:02', '2024-08-22 09:26:33'),
(140, 'App\\Models\\User', 1, 'userToken', 'bbce8228561861805e9449308373bec4bf9e49704bf5e8c1792b52d0dfe8f241', '[\"*\"]', '2024-08-22 09:28:44', NULL, '2024-08-22 09:28:37', '2024-08-22 09:28:44'),
(141, 'App\\Models\\User', 1, 'userToken', '32f1c51b2c2db1ed144193e998f019f7389efec6cdc9767f1c31bb6e00ba2b3c', '[\"*\"]', '2024-08-22 09:35:18', NULL, '2024-08-22 09:35:14', '2024-08-22 09:35:18'),
(142, 'App\\Models\\User', 1, 'userToken', '9c590a990f3f45e5ebdf159207f5d1a20b554534b1d1fa464df7c49a731eaf40', '[\"*\"]', '2024-08-22 10:26:37', NULL, '2024-08-22 09:40:13', '2024-08-22 10:26:37'),
(143, 'App\\Models\\User', 1, 'userToken', '3d1590e8f9eff35b1ad8c73660134ddefecf6a5b2f526b556c54a4ccf106def2', '[\"*\"]', '2024-08-22 10:39:04', NULL, '2024-08-22 10:38:18', '2024-08-22 10:39:04'),
(144, 'App\\Models\\User', 1, 'userToken', 'ae78838c80797981d86c5f0c098d89abe8c59f693c0f24387bc508e64bc85a4d', '[\"*\"]', '2024-08-22 10:44:53', NULL, '2024-08-22 10:44:15', '2024-08-22 10:44:53'),
(145, 'App\\Models\\User', 1, 'userToken', '242bf50f0c39f14fbd572fcd933ce01d768b6ff8e0ffc2b766f66f484dedbfdb', '[\"*\"]', '2024-08-22 10:49:41', NULL, '2024-08-22 10:49:36', '2024-08-22 10:49:41'),
(146, 'App\\Models\\User', 1, 'userToken', 'c18a2fa89d91a4508c5c38e2ce332aa7e4a5bcb3aa7ffa3e164f96dd7ef456c8', '[\"*\"]', '2024-08-22 11:13:39', NULL, '2024-08-22 11:00:01', '2024-08-22 11:13:39'),
(147, 'App\\Models\\User', 1, 'userToken', '5793b43e04d9137d077fc34585ccdae822bb05b7e6a31b814825e6b5ab7a3e31', '[\"*\"]', '2024-08-22 11:05:48', NULL, '2024-08-22 11:04:06', '2024-08-22 11:05:48'),
(148, 'App\\Models\\User', 1, 'userToken', '25fc1ef71536ffcc140352f6e37e237383be9543d656e573901deb8a908b418c', '[\"*\"]', '2024-08-22 11:13:39', NULL, '2024-08-22 11:09:11', '2024-08-22 11:13:39'),
(149, 'App\\Models\\User', 1, 'userToken', '0135b638346cc3328e69ac8408ec7ee98fe497529e95c6f0702dcc93a9885364', '[\"*\"]', '2024-08-22 12:26:40', NULL, '2024-08-22 11:23:46', '2024-08-22 12:26:40'),
(150, 'App\\Models\\User', 1, 'userToken', '4fed34a5f2ee5ba873f3d3fe9417cf68e64a76f51cf5f71665d80881eedc7750', '[\"*\"]', '2024-08-22 12:18:14', NULL, '2024-08-22 12:07:19', '2024-08-22 12:18:14'),
(151, 'App\\Models\\User', 1, 'userToken', '4c7aa534b21096e55e1f99b4670e6320add4310fc570fca97a2229f3cf8b88c6', '[\"*\"]', '2024-08-22 12:31:45', NULL, '2024-08-22 12:18:56', '2024-08-22 12:31:45'),
(152, 'App\\Models\\User', 1, 'userToken', 'bd1c454ad1574bbdec88eed128ccf25cef9df299cbb14e5215adb5e52fba0977', '[\"*\"]', '2024-08-22 13:02:55', NULL, '2024-08-22 12:33:12', '2024-08-22 13:02:55'),
(153, 'App\\Models\\User', 1, 'userToken', '216ee62a1121a3a3d2fd540a259b35519a179f1e8f73df50a585dd25c004c7b4', '[\"*\"]', '2024-08-22 13:03:05', NULL, '2024-08-22 12:50:19', '2024-08-22 13:03:05'),
(154, 'App\\Models\\User', 1, 'userToken', 'c4fc75a5e8cd8ecd7fe9551b5dd86763f73194062050e20d06214d9aebdde3a8', '[\"*\"]', '2024-08-22 13:07:58', NULL, '2024-08-22 13:07:55', '2024-08-22 13:07:58'),
(155, 'App\\Models\\User', 1, 'userToken', 'dbd01f8ee646998b4bcc0bcb08bdaf19108d424c142e0c1dc5507d5192750538', '[\"*\"]', '2024-08-22 13:17:06', NULL, '2024-08-22 13:16:14', '2024-08-22 13:17:06'),
(156, 'App\\Models\\User', 1, 'userToken', '3895a8b97663a85ebf1696a2545ea53dccff20ecc3ce7bea00ef2f0785d720d1', '[\"*\"]', '2024-08-22 13:17:32', NULL, '2024-08-22 13:17:16', '2024-08-22 13:17:32'),
(157, 'App\\Models\\User', 1, 'userToken', '2ee1c1be36a7ae967fd414816c8585eb73831b43cfc2ad6a4529408baac73e1d', '[\"*\"]', '2024-08-22 13:17:57', NULL, '2024-08-22 13:17:26', '2024-08-22 13:17:57'),
(158, 'App\\Models\\User', 1, 'userToken', 'b41e9c0e9651006dfd49572e12c849982dbaf6d4962c2598af2f6bd11270d595', '[\"*\"]', '2024-08-22 16:25:36', NULL, '2024-08-22 16:22:33', '2024-08-22 16:25:36'),
(159, 'App\\Models\\User', 2, 'userToken', 'd14fcdf0560a662c65c3f51ff3adc3171a381d75c6cbed58db610097ed44193d', '[\"*\"]', '2024-08-22 16:34:48', NULL, '2024-08-22 16:25:43', '2024-08-22 16:34:48'),
(160, 'App\\Models\\User', 1, 'userToken', '1a46b029c38075a82945617ed7f1e3865320dce72c1e49f4485078c9e4f140b0', '[\"*\"]', '2024-08-22 16:35:29', NULL, '2024-08-22 16:34:56', '2024-08-22 16:35:29'),
(161, 'App\\Models\\User', 2, 'userToken', '20d6cad7d696075d6c999d7606d3406a7d8c2e4f759e48592d9f3359c7e407a3', '[\"*\"]', '2024-08-22 16:39:46', NULL, '2024-08-22 16:35:35', '2024-08-22 16:39:46'),
(162, 'App\\Models\\User', 3, 'userToken', '157e31f68e0225578de79fd164acb9a4ce0f4deee0007883a8470ea9ca81fd9a', '[\"*\"]', '2024-08-22 16:40:09', NULL, '2024-08-22 16:39:58', '2024-08-22 16:40:09'),
(163, 'App\\Models\\User', 1, 'userToken', '196df2e71b66c0036a979076132ccf9f738c6463a35a434ad6c0266b2b916bda', '[\"*\"]', '2024-08-23 03:32:26', NULL, '2024-08-22 16:40:18', '2024-08-23 03:32:26'),
(164, 'App\\Models\\User', 1, 'userToken', 'e62c06ed26475d190e1b88d8d2d7fb07e5e52ccb1bb85aa41ba5baf14531c181', '[\"*\"]', '2024-08-22 18:22:37', NULL, '2024-08-22 18:20:32', '2024-08-22 18:22:37'),
(165, 'App\\Models\\User', 2, 'userToken', 'aef90fc4bbdd3596db0944cf3c3095dc7ad6015ccf49e206c154e593a21239f3', '[\"*\"]', '2024-08-23 05:23:17', NULL, '2024-08-23 03:32:39', '2024-08-23 05:23:17'),
(166, 'App\\Models\\User', 1, 'userToken', '42474cf3581c4be9004f2cb70a095e6123f429f860ba594b37afd9ce9d0c9dc9', '[\"*\"]', '2024-08-24 08:53:52', NULL, '2024-08-24 07:19:32', '2024-08-24 08:53:52'),
(167, 'App\\Models\\User', 1, 'userToken', '8a5fd32e23036c81893581cf8a0e37e724b3ce717ddb0984f471a732b8ccb5f6', '[\"*\"]', '2024-08-24 07:32:36', NULL, '2024-08-24 07:30:46', '2024-08-24 07:32:36'),
(168, 'App\\Models\\User', 1, 'userToken', '2e4a9de36daab9e28b9a61f8d1b0f66209a5ebc6bdaabf718e5828a3aa81e231', '[\"*\"]', '2024-08-24 08:18:50', NULL, '2024-08-24 07:31:26', '2024-08-24 08:18:50'),
(169, 'App\\Models\\User', 1, 'userToken', '8511461c3d1763f50586acae7d7ee9ecb2d0e67580e7907f70cbf931b67c98c1', '[\"*\"]', '2024-08-24 07:32:59', NULL, '2024-08-24 07:32:57', '2024-08-24 07:32:59'),
(170, 'App\\Models\\User', 2, 'userToken', 'add536c94a755c565e5ad353694bb798bef032d64ea1fe535a82ded7ae212794', '[\"*\"]', '2024-08-24 07:34:17', NULL, '2024-08-24 07:34:14', '2024-08-24 07:34:17'),
(171, 'App\\Models\\User', 1, 'userToken', '3ebe396750bc4b48a82f9beaec57d9ad52aae34899f581336afd8be6ca460059', '[\"*\"]', '2024-08-24 07:37:34', NULL, '2024-08-24 07:35:22', '2024-08-24 07:37:34'),
(172, 'App\\Models\\User', 4, 'userToken', '23577065b5304e6bb7e1793a9b2f8f3a09413027f8319ecf192f1ad61c442961', '[\"*\"]', NULL, NULL, '2024-08-24 07:39:45', '2024-08-24 07:39:45'),
(173, 'App\\Models\\User', 1, 'userToken', '024b6f6e8ad7a11ef303ce95fd2bca6a58ffb3a9538ab9d1ba9345d4a6b645e0', '[\"*\"]', '2024-08-24 07:40:52', NULL, '2024-08-24 07:40:50', '2024-08-24 07:40:52'),
(174, 'App\\Models\\User', 1, 'userToken', 'd2066b8246cc93d6afaa13063088cc01049ab00eaf1199e2de9374e979c0e392', '[\"*\"]', '2024-08-24 07:54:16', NULL, '2024-08-24 07:41:35', '2024-08-24 07:54:16'),
(175, 'App\\Models\\User', 1, 'userToken', '517d445ec93e64aef6e10d16e1dadd15e08a4d0022c740aad40d3231758bbc7b', '[\"*\"]', '2024-08-24 08:18:59', NULL, '2024-08-24 07:56:29', '2024-08-24 08:18:59'),
(176, 'App\\Models\\User', 1, 'userToken', '0a571661d71dd36c99fb439f794ac7665ce8200a56eba97b397e8c9e68c9b8af', '[\"*\"]', '2024-08-24 08:40:53', NULL, '2024-08-24 08:20:40', '2024-08-24 08:40:53'),
(177, 'App\\Models\\User', 2, 'userToken', '306ef24b244aee52742b0bfa8404431898d742512618cdd0f2c5a279ce23a4a2', '[\"*\"]', '2024-08-25 17:04:12', NULL, '2024-08-24 08:38:57', '2024-08-25 17:04:12'),
(178, 'App\\Models\\User', 1, 'userToken', '9da9406d3e9cf1ff80fc125fa7d69b68dc3b26e0ff1b934c21c83ddb3d81dc69', '[\"*\"]', '2024-08-24 08:41:52', NULL, '2024-08-24 08:41:45', '2024-08-24 08:41:52'),
(179, 'App\\Models\\User', 2, 'userToken', 'f0bbbf89aba442ff73809cd2e54454731756bbb114e93f1e58ec1733e763e4c8', '[\"*\"]', '2024-08-24 09:32:36', NULL, '2024-08-24 08:42:19', '2024-08-24 09:32:36'),
(180, 'App\\Models\\User', 1, 'userToken', 'd59a9825c3acfe84d3b9dd42550ba88a01d76c21950de2635c9714ff0601b653', '[\"*\"]', '2024-08-24 09:52:57', NULL, '2024-08-24 09:41:14', '2024-08-24 09:52:57'),
(181, 'App\\Models\\User', 1, 'userToken', 'b75e92ce4fbd3c4b20fab14aba904503409e242d860935dd625539e1816a6f0c', '[\"*\"]', '2024-08-24 09:55:54', NULL, '2024-08-24 09:55:51', '2024-08-24 09:55:54'),
(182, 'App\\Models\\User', 1, 'userToken', '5592d8bfc78d15dd6159a57d5dc1c994e243566fec1006e4add8f820814c4186', '[\"*\"]', '2024-08-24 10:05:48', NULL, '2024-08-24 09:58:01', '2024-08-24 10:05:48'),
(183, 'App\\Models\\User', 1, 'userToken', 'f46955f7f8af29cedcaa6670b4458ead703c40289637d8663423140c86f7eadc', '[\"*\"]', '2024-08-24 11:23:21', NULL, '2024-08-24 10:28:21', '2024-08-24 11:23:21'),
(184, 'App\\Models\\User', 1, 'userToken', '3a3e64f0ab8f15e904862feb9297c789e3b76041044ce362a6693799834c8de1', '[\"*\"]', '2024-08-24 11:24:06', NULL, '2024-08-24 10:58:20', '2024-08-24 11:24:06'),
(185, 'App\\Models\\User', 1, 'userToken', 'b789ea0af307503c1e5cb93afe882199c4210d4c57e4a6c06b68000e752edb68', '[\"*\"]', '2024-08-24 14:19:09', NULL, '2024-08-24 11:48:16', '2024-08-24 14:19:09'),
(186, 'App\\Models\\User', 1, 'userToken', '497a2a16592efec7025a74ac9150a6928c527dcd3749034d80dcab9b93c9e0ac', '[\"*\"]', '2024-08-24 13:48:56', NULL, '2024-08-24 13:31:48', '2024-08-24 13:48:56'),
(187, 'App\\Models\\User', 1, 'userToken', 'a8ec323a0cb609c2dd0275764ca767e4c2dc97a1a7a4f4ea7dfd7bb9702be99a', '[\"*\"]', '2024-08-24 13:49:31', NULL, '2024-08-24 13:49:24', '2024-08-24 13:49:31'),
(188, 'App\\Models\\User', 1, 'userToken', '5c3a595aac5d9d03b819d83e784acc3a75fa1267a951389bb99e90ff9d56b67a', '[\"*\"]', '2024-08-24 14:07:11', NULL, '2024-08-24 13:58:59', '2024-08-24 14:07:11'),
(189, 'App\\Models\\User', 1, 'userToken', '3636fb6879e8c33453d8b5e991bbd41dc48c5ec14870b76773002463a92c63a2', '[\"*\"]', '2024-08-24 14:08:57', NULL, '2024-08-24 14:07:31', '2024-08-24 14:08:57'),
(190, 'App\\Models\\User', 1, 'userToken', '14853d065f55dc357c88566eb4fbf7b2fe577f4d439f4dfd6da5a633fa502545', '[\"*\"]', '2024-08-24 14:09:56', NULL, '2024-08-24 14:09:26', '2024-08-24 14:09:56'),
(191, 'App\\Models\\User', 1, 'userToken', '6d1a8f5329f8a98069091e656adde7b466275f717a947c5a2cf6f06f620d463c', '[\"*\"]', '2024-08-24 14:26:25', NULL, '2024-08-24 14:10:59', '2024-08-24 14:26:25'),
(192, 'App\\Models\\User', 1, 'userToken', '8291202dc4d9975a83442b906ca953f9b0c9dfacfa6dc9042da8cea586f0201f', '[\"*\"]', '2024-08-24 14:54:26', NULL, '2024-08-24 14:27:29', '2024-08-24 14:54:26'),
(193, 'App\\Models\\User', 1, 'userToken', 'a502aed39cf432b7eb2d2f66788a298852f3816a224ccb3ef6b6b206ae2b70d9', '[\"*\"]', '2024-08-24 14:57:47', NULL, '2024-08-24 14:57:32', '2024-08-24 14:57:47'),
(194, 'App\\Models\\User', 1, 'userToken', '4842f649f53a4477752a3fb10aee9040add720dfe0875403b9b8180c3b1bb98b', '[\"*\"]', '2024-08-24 15:03:17', NULL, '2024-08-24 15:03:10', '2024-08-24 15:03:17'),
(195, 'App\\Models\\User', 1, 'userToken', '3fedef06ace6d7cb926418e2d402778ccc0704579816d19e4387f106318af664', '[\"*\"]', '2024-08-24 15:06:39', NULL, '2024-08-24 15:05:34', '2024-08-24 15:06:39'),
(196, 'App\\Models\\User', 1, 'userToken', '8ae5749b70771fb56d90203ed9696aac2cea5e4e06b2d53fff6f0fad4d8c9ee1', '[\"*\"]', '2024-08-24 15:20:41', NULL, '2024-08-24 15:11:19', '2024-08-24 15:20:41'),
(197, 'App\\Models\\User', 1, 'userToken', '97db239965d9bad5669edab623ca97e97daa9b2ba82819d92437068af297bf3d', '[\"*\"]', '2024-08-24 15:36:31', NULL, '2024-08-24 15:26:34', '2024-08-24 15:36:31'),
(198, 'App\\Models\\User', 1, 'userToken', '609f70f7ecc21dfab63ed95fe5bccd4de7d152b74f79d66cc9cddeb8462dc7b8', '[\"*\"]', '2024-08-24 15:44:48', NULL, '2024-08-24 15:39:06', '2024-08-24 15:44:48'),
(199, 'App\\Models\\User', 1, 'userToken', 'da8d74cde80c71a55e5fde055f3d7e26e0bebb001181183cae5f767e739fc26b', '[\"*\"]', '2024-08-24 16:15:40', NULL, '2024-08-24 16:01:23', '2024-08-24 16:15:40'),
(200, 'App\\Models\\User', 1, 'userToken', '6917b18dce8c82f7c78b6c4465b3cc806bba51813bcff456ac8abf051f2a9ef8', '[\"*\"]', '2024-08-24 16:20:13', NULL, '2024-08-24 16:19:16', '2024-08-24 16:20:13'),
(201, 'App\\Models\\User', 1, 'userToken', '815c2cf2d4158c76f214a99336f9ee011fb51def52411d398e50cacabb8f824a', '[\"*\"]', '2024-08-24 16:34:53', NULL, '2024-08-24 16:28:12', '2024-08-24 16:34:53'),
(202, 'App\\Models\\User', 2, 'userToken', 'b9ae021321f87d830cb2f992cd7ccf323726066df15b832923d15fcc25df1fa4', '[\"*\"]', '2024-08-24 16:35:04', NULL, '2024-08-24 16:29:31', '2024-08-24 16:35:04'),
(203, 'App\\Models\\User', 2, 'userToken', '4c4e166ccfb357080fcd376229709e6b9677a767607c5d33e0eeac791c49bcc2', '[\"*\"]', '2024-08-24 16:42:13', NULL, '2024-08-24 16:36:39', '2024-08-24 16:42:13'),
(204, 'App\\Models\\User', 1, 'userToken', '251eb5c159e8e6676042016a81293f14777310f8dab86a12205fac67177caad7', '[\"*\"]', '2024-08-24 16:40:18', NULL, '2024-08-24 16:37:08', '2024-08-24 16:40:18'),
(205, 'App\\Models\\User', 1, 'userToken', '8bf17e6d1f300aa579b2128c8f2593af36e054f68fb8a6154be19bdcf4d2801f', '[\"*\"]', '2024-08-24 16:41:52', NULL, '2024-08-24 16:41:24', '2024-08-24 16:41:52'),
(206, 'App\\Models\\User', 1, 'userToken', '4b14e4c898fa23d4413eb22ab1272fa24a60a8053a4b7eee48b590a53ce326f7', '[\"*\"]', '2024-08-24 18:00:07', NULL, '2024-08-24 17:25:17', '2024-08-24 18:00:07'),
(207, 'App\\Models\\User', 1, 'userToken', '6893507367a3d6383e3cb2086a71d168bb25991f3733813fbf1b447a34ba839a', '[\"*\"]', '2024-08-25 03:36:19', NULL, '2024-08-25 02:24:22', '2024-08-25 03:36:19'),
(208, 'App\\Models\\User', 2, 'userToken', 'bc930f752ea5c83b6b7ce06b06645857aedeb8c4f6b0162986795f0f064c6879', '[\"*\"]', '2024-08-25 03:36:21', NULL, '2024-08-25 03:03:47', '2024-08-25 03:36:21'),
(209, 'App\\Models\\User', 1, 'userToken', 'f545793106d3fbf3ceb31f3d5d6cc4456e04485c2a90054a107f520258c36abd', '[\"*\"]', '2024-08-25 12:05:13', NULL, '2024-08-25 12:04:29', '2024-08-25 12:05:13'),
(210, 'App\\Models\\User', 1, 'userToken', 'dd3f4dfcf0f56e00b42199e2b49126fed0e8b119a4c4a9dbf1092c90ecb8deee', '[\"*\"]', '2024-08-25 12:30:04', NULL, '2024-08-25 12:21:17', '2024-08-25 12:30:04'),
(211, 'App\\Models\\User', 1, 'userToken', '68efd01351121b82bfd4bf14d779ebb6a9b3ffece8a25fc8a581a60b4eabf154', '[\"*\"]', '2024-08-25 12:23:44', NULL, '2024-08-25 12:22:20', '2024-08-25 12:23:44'),
(212, 'App\\Models\\User', 2, 'userToken', 'b3bd8568075acef78698700ffee6ee21b2bd13e5241d3b4bc3778b9ed53c20c3', '[\"*\"]', '2024-08-25 12:23:57', NULL, '2024-08-25 12:23:23', '2024-08-25 12:23:57'),
(213, 'App\\Models\\User', 2, 'userToken', 'e7ea5a34a98359b7f0b404efcfd4acd5cc24a991954f1e43d2fad99f6841fbb4', '[\"*\"]', '2024-08-25 12:26:48', NULL, '2024-08-25 12:25:18', '2024-08-25 12:26:48'),
(214, 'App\\Models\\User', 2, 'userToken', 'f7be4226d6adbdcab3c8a4f5195f249c165bc0976d0f4633178a2b0fa72e2148', '[\"*\"]', '2024-08-25 12:56:48', NULL, '2024-08-25 12:31:42', '2024-08-25 12:56:48'),
(215, 'App\\Models\\User', 1, 'userToken', '53e0ff5d163d2f4e969d2e5a890f4044c206c29750ebed192716084ac7d83b52', '[\"*\"]', '2024-08-25 12:31:47', NULL, '2024-08-25 12:31:44', '2024-08-25 12:31:47'),
(216, 'App\\Models\\User', 1, 'userToken', 'ec0e3e4bd14ed0d43aa10d01f76354a6d1884b9391193eed70ff2118c090d252', '[\"*\"]', '2024-08-25 12:38:06', NULL, '2024-08-25 12:31:44', '2024-08-25 12:38:06'),
(217, 'App\\Models\\User', 2, 'userToken', '01d47514bf8dad90fd5a3451a48f0a311939e2410507ddafe8bdd9de962d0682', '[\"*\"]', '2024-08-25 12:47:18', NULL, '2024-08-25 12:38:35', '2024-08-25 12:47:18'),
(218, 'App\\Models\\User', 1, 'userToken', '5aaa3f1e0c07aae98ac2a43990fdd436c2238e11076b2b34e664d31eb6bd144e', '[\"*\"]', '2024-08-25 12:43:11', NULL, '2024-08-25 12:38:45', '2024-08-25 12:43:11'),
(219, 'App\\Models\\User', 1, 'userToken', 'af96204c1132cc1babbb941a0d2af8d5a66f6e2dc3a708085cf10e4b1f03d62f', '[\"*\"]', '2024-08-25 12:47:10', NULL, '2024-08-25 12:46:07', '2024-08-25 12:47:10'),
(220, 'App\\Models\\User', 3, 'userToken', '4033e51cada353413b3a8e467c09afe653488cd5ec12f9d0bef0b549345e9aa2', '[\"*\"]', '2024-08-25 12:57:50', NULL, '2024-08-25 12:47:42', '2024-08-25 12:57:50'),
(221, 'App\\Models\\User', 1, 'userToken', '5bee5c52cf460008a218f35e1e5d38784a856f96b7404bc9ec850efc9f8c7ee2', '[\"*\"]', '2024-08-25 12:48:35', NULL, '2024-08-25 12:48:33', '2024-08-25 12:48:35'),
(222, 'App\\Models\\User', 1, 'userToken', 'bd9545bf2dcc3cb3b72a01771a14e42a3f4d0df8f4287dd61c9e4a0da962a286', '[\"*\"]', '2024-08-25 12:49:08', NULL, '2024-08-25 12:49:06', '2024-08-25 12:49:08'),
(223, 'App\\Models\\User', 1, 'userToken', '3b90f98c26852a3925ac1c72ce64f26197afc6d5fa68f203dd0b29f033b0c5c9', '[\"*\"]', '2024-08-25 12:50:27', NULL, '2024-08-25 12:50:25', '2024-08-25 12:50:27'),
(224, 'App\\Models\\User', 1, 'userToken', 'a516ba81f6a08874601e7d424b6bfcf6844d61b9ad0993cfe4a0a6b1244fa7a4', '[\"*\"]', '2024-08-25 12:53:33', NULL, '2024-08-25 12:53:31', '2024-08-25 12:53:33'),
(225, 'App\\Models\\User', 1, 'userToken', '4856cfd9b3100da6415964dcffdfc9468a17e749c561d208356ca9cd1960b035', '[\"*\"]', '2024-08-25 12:56:49', NULL, '2024-08-25 12:56:45', '2024-08-25 12:56:49'),
(226, 'App\\Models\\User', 1, 'userToken', '015cff295d7b06aaf3b0316935db0e507c0af218852d9d94b55607a21d3e9ea1', '[\"*\"]', '2024-08-25 13:03:12', NULL, '2024-08-25 12:57:25', '2024-08-25 13:03:12'),
(227, 'App\\Models\\User', 1, 'userToken', '473b6fe65e2d7649452b4b41097f4863b203e6f3f63a6f7c2f74626fced90875', '[\"*\"]', '2024-08-25 12:58:18', NULL, '2024-08-25 12:58:05', '2024-08-25 12:58:18'),
(228, 'App\\Models\\User', 1, 'userToken', '38a9699e5dfdfa26b663b27e0c2b4f88bd52ef1d4a52706f2ec79e95559d3c97', '[\"*\"]', '2024-08-25 12:58:46', NULL, '2024-08-25 12:58:32', '2024-08-25 12:58:46'),
(229, 'App\\Models\\User', 2, 'userToken', '59d9d3bd843d3e67822006c13bdf81a9f8c69c8eaa93dde45cbdb323f1e025b1', '[\"*\"]', '2024-08-25 13:21:17', NULL, '2024-08-25 12:59:04', '2024-08-25 13:21:17'),
(230, 'App\\Models\\User', 1, 'userToken', 'e58ddb24a5c30bbb0bfa15883088f1df3afd8fd0bbd8c85fb1ceab653b3fc86b', '[\"*\"]', '2024-08-25 13:03:59', NULL, '2024-08-25 13:03:35', '2024-08-25 13:03:59'),
(231, 'App\\Models\\User', 1, 'userToken', '3118df6a4760f1b0bb13dec6b52927ca1bd38f99416cf84aadf1e135925e52f6', '[\"*\"]', '2024-08-25 13:13:17', NULL, '2024-08-25 13:04:35', '2024-08-25 13:13:17'),
(232, 'App\\Models\\User', 1, 'userToken', '1c678642c478d9dcbb1b7a407103e66a5a0bf263fc92fc0048bffbd84ede5680', '[\"*\"]', '2024-08-25 13:35:30', NULL, '2024-08-25 13:18:07', '2024-08-25 13:35:30'),
(233, 'App\\Models\\User', 2, 'userToken', 'd7d61eac67d95676c8baa1da94fd22bd5113e16eb7395fcdf1ca386f1dd21d01', '[\"*\"]', '2024-08-25 13:24:57', NULL, '2024-08-25 13:22:20', '2024-08-25 13:24:57'),
(234, 'App\\Models\\User', 2, 'userToken', 'bb1f81e76d628ddbfe98d87d3c307b78be4ee9c88784d4684b3a4537975bdb9f', '[\"*\"]', '2024-08-25 13:29:57', NULL, '2024-08-25 13:27:32', '2024-08-25 13:29:57'),
(235, 'App\\Models\\User', 2, 'userToken', '13bb786b2d9ee18bc9b828e7a838ab9a462fd9f9413368c3d6a24117a5a6cdb0', '[\"*\"]', '2024-08-25 13:31:01', NULL, '2024-08-25 13:30:47', '2024-08-25 13:31:01'),
(236, 'App\\Models\\User', 2, 'userToken', '7c8732515b42039ff2886e9ad017e60d2210ed4049a3045cf689779a2f4dae63', '[\"*\"]', '2024-08-25 13:33:29', NULL, '2024-08-25 13:31:45', '2024-08-25 13:33:29'),
(237, 'App\\Models\\User', 2, 'userToken', 'a6f8bf06a92d48e84ae77b963d6ee3fa2a628299c7c1ec3d3541ac61086c08bf', '[\"*\"]', '2024-08-25 13:40:20', NULL, '2024-08-25 13:38:37', '2024-08-25 13:40:20'),
(238, 'App\\Models\\User', 1, 'userToken', 'c16995ed180dc14af01d45b2bbfe96d7303d62e6e100f97d22f6c4005b5ee91e', '[\"*\"]', '2024-08-25 15:40:27', NULL, '2024-08-25 13:39:42', '2024-08-25 15:40:27'),
(239, 'App\\Models\\User', 2, 'userToken', '3ca087bc539538fc2a5985de46dc15d5c6e800bc98f7dc484f790cd5c7a23b69', '[\"*\"]', '2024-08-25 13:45:34', NULL, '2024-08-25 13:41:08', '2024-08-25 13:45:34'),
(240, 'App\\Models\\User', 1, 'userToken', 'ebc73d9dccb7bc259ae75391116685ec27da57a7f7143b0d9c3216ff3b80803e', '[\"*\"]', '2024-08-25 13:45:05', NULL, '2024-08-25 13:41:08', '2024-08-25 13:45:05'),
(241, 'App\\Models\\User', 1, 'userToken', '8870911ae6cda5ef81c01df69b35bbce2879a991d41c13a7476abf5b02d58f27', '[\"*\"]', '2024-08-25 13:47:12', NULL, '2024-08-25 13:45:51', '2024-08-25 13:47:12'),
(242, 'App\\Models\\User', 2, 'userToken', '1db6b76c2cc791fdf4c34b0221fd68efe96d1c831d25c9c5411612209090f745', '[\"*\"]', '2024-08-25 13:47:26', NULL, '2024-08-25 13:46:05', '2024-08-25 13:47:26'),
(243, 'App\\Models\\User', 2, 'userToken', 'df1a2a7d7dc967f3a2b08ba2181c6743528298bae91b14e9d6121523f78940bc', '[\"*\"]', '2024-08-25 13:56:33', NULL, '2024-08-25 13:53:24', '2024-08-25 13:56:33'),
(244, 'App\\Models\\User', 1, 'userToken', 'ca70a604feae51f74ab138b2ba2f84a63170de6f12fc13a843e2501ffa438b64', '[\"*\"]', '2024-08-25 13:56:32', NULL, '2024-08-25 13:53:30', '2024-08-25 13:56:32'),
(245, 'App\\Models\\User', 1, 'userToken', 'd4ccb93f5148b92abd8b3e3fdd5dc6dbc159c8fea1c76da086f0cddc95302a9d', '[\"*\"]', '2024-08-25 14:03:19', NULL, '2024-08-25 14:02:33', '2024-08-25 14:03:19'),
(246, 'App\\Models\\User', 2, 'userToken', '58eee531fd83eef624ac5839006d63e27cb3cd3606cced4311d67eb14401fc16', '[\"*\"]', '2024-08-25 14:03:14', NULL, '2024-08-25 14:02:52', '2024-08-25 14:03:14'),
(247, 'App\\Models\\User', 2, 'userToken', '2dc2b57eea749ab6d83b110cb5179721e299d1ed721bd0d0aedec308b9fec623', '[\"*\"]', '2024-08-25 14:06:45', NULL, '2024-08-25 14:04:14', '2024-08-25 14:06:45'),
(248, 'App\\Models\\User', 1, 'userToken', 'f5469b898e027c1898d1d780c7aac1f06ee573895330b7bee6adb5ae9570f2c0', '[\"*\"]', '2024-08-25 14:06:44', NULL, '2024-08-25 14:04:36', '2024-08-25 14:06:44'),
(249, 'App\\Models\\User', 1, 'userToken', 'a57228d60bfd5724abb49bc1a094f38059177185b506702c3afc2a034c71fc54', '[\"*\"]', '2024-08-25 14:16:53', NULL, '2024-08-25 14:15:54', '2024-08-25 14:16:53'),
(250, 'App\\Models\\User', 2, 'userToken', '1a1382ae45831ee80603c1906428afe1c5f438ff8b38e2bc29858e461c42d50d', '[\"*\"]', '2024-08-25 14:16:53', NULL, '2024-08-25 14:16:16', '2024-08-25 14:16:53'),
(251, 'App\\Models\\User', 2, 'userToken', 'adcb63edf3f85ce1c45ce2689dbcf82e960c56dd3914745be14a013a68c15092', '[\"*\"]', '2024-08-25 14:27:45', NULL, '2024-08-25 14:17:39', '2024-08-25 14:27:45'),
(252, 'App\\Models\\User', 1, 'userToken', '27a27cd7fc13c617a170bfbe3b3e0b926e31aa08e4b980c37218a8825afdbef0', '[\"*\"]', '2024-08-25 14:32:53', NULL, '2024-08-25 14:17:46', '2024-08-25 14:32:53'),
(253, 'App\\Models\\User', 2, 'userToken', '13498b0e5bb38d306cd855de0f8490e7b66200b12785dab32abac47de07e8ae2', '[\"*\"]', '2024-08-25 14:36:00', NULL, '2024-08-25 14:35:09', '2024-08-25 14:36:00'),
(254, 'App\\Models\\User', 2, 'userToken', 'a0ac898aebae608dac6ea4cccb4d3320e93a54ca8b6b164c17827c08a7976b20', '[\"*\"]', '2024-08-25 14:35:18', NULL, '2024-08-25 14:35:15', '2024-08-25 14:35:18'),
(255, 'App\\Models\\User', 1, 'userToken', 'fdc878ecdfa087a6c97a311afe9633e7b9e988676d857a342b6a2e8cc89ce11a', '[\"*\"]', '2024-08-25 14:36:00', NULL, '2024-08-25 14:35:34', '2024-08-25 14:36:00'),
(256, 'App\\Models\\User', 1, 'userToken', 'db8bdcb4b7d89813b90003b55380ee208f2269740d02d9bb3163253656a045bf', '[\"*\"]', '2024-08-25 14:49:32', NULL, '2024-08-25 14:48:10', '2024-08-25 14:49:32'),
(257, 'App\\Models\\User', 2, 'userToken', '094181af8200d0e1c821f91bc84a96984818a53373aa07e04a450744ab8f73d0', '[\"*\"]', '2024-08-25 14:50:48', NULL, '2024-08-25 14:48:34', '2024-08-25 14:50:48');
INSERT INTO `personal_access_tokens` (`id`, `tokenable_type`, `tokenable_id`, `name`, `token`, `abilities`, `last_used_at`, `expires_at`, `created_at`, `updated_at`) VALUES
(258, 'App\\Models\\User', 2, 'userToken', '6bc3c5a41ae0ad60256291bff99378c8f733a637196e937a15edcd2796cce97e', '[\"*\"]', '2024-08-25 15:01:22', NULL, '2024-08-25 14:51:25', '2024-08-25 15:01:22'),
(259, 'App\\Models\\User', 1, 'userToken', '7cf347a9c4d764109d3c1f7639a6f33c522049160b5142695794e968c88b0f14', '[\"*\"]', '2024-08-25 14:56:15', NULL, '2024-08-25 14:51:28', '2024-08-25 14:56:15'),
(260, 'App\\Models\\User', 1, 'userToken', '66159e7e9b8b2744e688dfaed643966f0fa5b235d3ce52a846203b4847891447', '[\"*\"]', '2024-08-25 15:02:36', NULL, '2024-08-25 15:02:01', '2024-08-25 15:02:36'),
(261, 'App\\Models\\User', 2, 'userToken', 'a5600ddcced50b38cd9cb2338b15607cf74a45fc0de8b384d9952dd6a70ec6d8', '[\"*\"]', '2024-08-25 15:13:35', NULL, '2024-08-25 15:02:17', '2024-08-25 15:13:35'),
(262, 'App\\Models\\User', 1, 'userToken', '7d2662c7f69f2a86a84978fd2ec36de06485b2768829cc420a38ff0f3f99b2ec', '[\"*\"]', '2024-08-25 16:20:32', NULL, '2024-08-25 15:17:49', '2024-08-25 16:20:32'),
(263, 'App\\Models\\User', 1, 'userToken', 'd178f918eda73c794d648b6df76b9c13cb8cea0cbf7cde3d7acb279bb983a1dc', '[\"*\"]', '2024-08-25 15:41:12', NULL, '2024-08-25 15:17:59', '2024-08-25 15:41:12'),
(264, 'App\\Models\\User', 2, 'userToken', 'ba7d601095c2bdb701be3a2f34a96b7bf509a2c2670a2bb07a81ae0d278f8bf3', '[\"*\"]', '2024-08-25 16:12:07', NULL, '2024-08-25 15:18:23', '2024-08-25 16:12:07'),
(265, 'App\\Models\\User', 2, 'userToken', '5684e9ac26c71f8854ed2d83474a3de8fcc06390c0342155a3df1fb4fd34d72e', '[\"*\"]', '2024-08-25 16:12:56', NULL, '2024-08-25 16:12:45', '2024-08-25 16:12:56'),
(266, 'App\\Models\\User', 1, 'userToken', '58bdf2f5234d3ba5ef2e84dd923c087f9c5e95d7d72cfdaf720da0548576e0b1', '[\"*\"]', '2024-08-25 16:14:07', NULL, '2024-08-25 16:13:52', '2024-08-25 16:14:07'),
(267, 'App\\Models\\User', 1, 'userToken', '8968bd11a4d73e02f95c05dafa81ae4ee53ca2fc896e689496787163783e2ff0', '[\"*\"]', '2024-08-25 16:19:46', NULL, '2024-08-25 16:19:34', '2024-08-25 16:19:46'),
(268, 'App\\Models\\User', 1, 'userToken', '5e4747fcf0ebc163563c7cdf03a493fc74ceb29b998d80360517bcba659dbd73', '[\"*\"]', '2024-08-25 16:21:26', NULL, '2024-08-25 16:20:37', '2024-08-25 16:21:26'),
(269, 'App\\Models\\User', 1, 'userToken', '7697318ca3f1706e9b9feb35cf1d3b50121dc0e852b73507856e6a4eef357575', '[\"*\"]', '2024-08-25 16:22:27', NULL, '2024-08-25 16:22:17', '2024-08-25 16:22:27'),
(270, 'App\\Models\\User', 1, 'userToken', '480794ec1ddbfbc60de60411f8939311f97b3721630187833f376cdf3d57d92c', '[\"*\"]', '2024-08-25 17:05:01', NULL, '2024-08-25 16:26:58', '2024-08-25 17:05:01'),
(271, 'App\\Models\\User', 1, 'userToken', '0bdb603479196fbe10acb5f2b25e8725e2bf895aa407a76b127824de64945502', '[\"*\"]', '2024-08-25 16:29:51', NULL, '2024-08-25 16:29:41', '2024-08-25 16:29:51'),
(272, 'App\\Models\\User', 1, 'userToken', 'd9549e79c9ff9a391f1b58e3813d4cb3a47b5f4783879138d2276af5728113f4', '[\"*\"]', '2024-08-25 16:32:04', NULL, '2024-08-25 16:31:55', '2024-08-25 16:32:04'),
(273, 'App\\Models\\User', 1, 'userToken', '5a424179595959e4c27a1a5f094b750e55affb34bb311a20b8237196d8bbd802', '[\"*\"]', '2024-08-25 16:35:40', NULL, '2024-08-25 16:33:18', '2024-08-25 16:35:40'),
(274, 'App\\Models\\User', 1, 'userToken', '5ed52c1e1818314e5daec0b63a2e525a76fe313e956f8bd18973078f7da80208', '[\"*\"]', '2024-08-25 16:38:21', NULL, '2024-08-25 16:36:23', '2024-08-25 16:38:21'),
(275, 'App\\Models\\User', 1, 'userToken', 'bf84c0cca97a679697cf18cb9b4fe07af2653a3348d1faaaafcb73f11b953555', '[\"*\"]', '2024-08-25 16:43:20', NULL, '2024-08-25 16:38:34', '2024-08-25 16:43:20'),
(276, 'App\\Models\\User', 1, 'userToken', '103620ecb3611664ba125514b7bde22f3a14c85c229ed62b72322c461dd040ef', '[\"*\"]', '2024-08-25 16:45:57', NULL, '2024-08-25 16:43:45', '2024-08-25 16:45:57'),
(277, 'App\\Models\\User', 1, 'userToken', 'c12e909224a4660dede339234a8c01a74ce28adc4bfc3bd24c5b10cdc51400bf', '[\"*\"]', '2024-08-25 17:00:29', NULL, '2024-08-25 16:46:18', '2024-08-25 17:00:29'),
(278, 'App\\Models\\User', 1, 'userToken', 'b0901adf04e40c7d2ecb90ea4b1e02ace89aaa3e1efd1420e2fa01a6f4d7d4f1', '[\"*\"]', '2024-08-25 17:04:05', NULL, '2024-08-25 17:01:37', '2024-08-25 17:04:05'),
(279, 'App\\Models\\User', 1, 'userToken', '2779eb43913bf2b93020fe399d45d7fd29c073d577aa07f14047fd2ed4c91956', '[\"*\"]', '2024-08-25 17:05:05', NULL, '2024-08-25 17:04:45', '2024-08-25 17:05:05');

-- --------------------------------------------------------

--
-- Table structure for table `users`
--

CREATE TABLE `users` (
  `id` bigint UNSIGNED NOT NULL,
  `username` varchar(255) COLLATE utf8mb4_unicode_ci NOT NULL,
  `email` varchar(255) COLLATE utf8mb4_unicode_ci NOT NULL,
  `image` varchar(1000) CHARACTER SET utf8mb4 COLLATE utf8mb4_unicode_ci NOT NULL DEFAULT 'https://wechat.cslancer.com/public/images/no_image.jpg',
  `password` varchar(255) COLLATE utf8mb4_unicode_ci NOT NULL,
  `online` tinyint NOT NULL DEFAULT '0',
  `last_seen` timestamp NOT NULL,
  `created_at` timestamp NULL DEFAULT NULL,
  `updated_at` timestamp NULL DEFAULT NULL
) ENGINE=InnoDB DEFAULT CHARSET=utf8mb4 COLLATE=utf8mb4_unicode_ci;

--
-- Dumping data for table `users`
--

INSERT INTO `users` (`id`, `username`, `email`, `image`, `password`, `online`, `last_seen`, `created_at`, `updated_at`) VALUES
(1, 'demo1', 'demo1@gmail.com', 'https://wechat.cslancer.com/public/images/no_image.jpg', '$2y$10$cud2h1VHxkbKLK0/dK1dZu6M4Ue2dz5hkO5xVo1T78l5hc7M2emRO', 1, '2024-08-25 22:04:57', '2024-08-17 10:18:57', '2024-08-25 17:05:01'),
(2, 'demo2', 'demo2@gmail.com', 'https://wechat.cslancer.com/public/images/no_image.jpg', '$2y$10$RxgJ.38mbJ168Zy8IahQM.IcV9sbgY0j5QTQno59YnyerCFTX54pG', 1, '2024-08-25 21:12:51', '2024-08-17 10:32:50', '2024-08-25 16:12:54'),
(3, 'demo3', 'demo3@gmail.com', 'https://wechat.cslancer.com/public/images/no_image.jpg', '$2y$10$/60j4O/eOrWROceu9i9jIODtlDyuI6.kx2lyFjFucnZ38ptqgM6VS', 0, '2024-08-25 17:57:48', '2024-08-18 07:51:05', '2024-08-25 12:57:50'),
(4, 'demo4', 'demo4@gmail.com', 'https://wechat.cslancer.com/public/images/no_image.jpg', '$2y$10$i2PM9bDDvxxbfEaC1LBcyuv8.5EVv23bjQ0Qcvyxr/btPj1BCh8oq', 0, '2024-08-24 07:39:45', '2024-08-24 07:39:45', '2024-08-24 07:39:45');

--
-- Indexes for dumped tables
--

--
-- Indexes for table `chats`
--
ALTER TABLE `chats`
  ADD PRIMARY KEY (`id`),
  ADD KEY `chats_created_by_foreign` (`created_by`);

--
-- Indexes for table `chat_messages`
--
ALTER TABLE `chat_messages`
  ADD PRIMARY KEY (`id`),
  ADD KEY `chat_messages_chat_id_foreign` (`chat_id`),
  ADD KEY `chat_messages_user_id_foreign` (`user_id`);

--
-- Indexes for table `chat_participants`
--
ALTER TABLE `chat_participants`
  ADD PRIMARY KEY (`id`),
  ADD UNIQUE KEY `chat_participants_chat_id_user_id_unique` (`chat_id`,`user_id`),
  ADD KEY `chat_participants_user_id_foreign` (`user_id`);

--
-- Indexes for table `failed_jobs`
--
ALTER TABLE `failed_jobs`
  ADD PRIMARY KEY (`id`),
  ADD UNIQUE KEY `failed_jobs_uuid_unique` (`uuid`);

--
-- Indexes for table `favorite_chat`
--
ALTER TABLE `favorite_chat`
  ADD PRIMARY KEY (`id`);

--
-- Indexes for table `migrations`
--
ALTER TABLE `migrations`
  ADD PRIMARY KEY (`id`);

--
-- Indexes for table `password_resets`
--
ALTER TABLE `password_resets`
  ADD KEY `password_resets_email_index` (`email`);

--
-- Indexes for table `personal_access_tokens`
--
ALTER TABLE `personal_access_tokens`
  ADD PRIMARY KEY (`id`),
  ADD UNIQUE KEY `personal_access_tokens_token_unique` (`token`),
  ADD KEY `personal_access_tokens_tokenable_type_tokenable_id_index` (`tokenable_type`,`tokenable_id`);

--
-- Indexes for table `users`
--
ALTER TABLE `users`
  ADD PRIMARY KEY (`id`),
  ADD UNIQUE KEY `users_email_unique` (`email`);

--
-- AUTO_INCREMENT for dumped tables
--

--
-- AUTO_INCREMENT for table `chats`
--
ALTER TABLE `chats`
  MODIFY `id` bigint UNSIGNED NOT NULL AUTO_INCREMENT, AUTO_INCREMENT=5;

--
-- AUTO_INCREMENT for table `chat_messages`
--
ALTER TABLE `chat_messages`
  MODIFY `id` bigint UNSIGNED NOT NULL AUTO_INCREMENT, AUTO_INCREMENT=203;

--
-- AUTO_INCREMENT for table `chat_participants`
--
ALTER TABLE `chat_participants`
  MODIFY `id` bigint UNSIGNED NOT NULL AUTO_INCREMENT, AUTO_INCREMENT=9;

--
-- AUTO_INCREMENT for table `failed_jobs`
--
ALTER TABLE `failed_jobs`
  MODIFY `id` bigint UNSIGNED NOT NULL AUTO_INCREMENT;

--
-- AUTO_INCREMENT for table `favorite_chat`
--
ALTER TABLE `favorite_chat`
  MODIFY `id` int NOT NULL AUTO_INCREMENT, AUTO_INCREMENT=44;

--
-- AUTO_INCREMENT for table `migrations`
--
ALTER TABLE `migrations`
  MODIFY `id` int UNSIGNED NOT NULL AUTO_INCREMENT, AUTO_INCREMENT=8;

--
-- AUTO_INCREMENT for table `personal_access_tokens`
--
ALTER TABLE `personal_access_tokens`
  MODIFY `id` bigint UNSIGNED NOT NULL AUTO_INCREMENT, AUTO_INCREMENT=280;

--
-- AUTO_INCREMENT for table `users`
--
ALTER TABLE `users`
  MODIFY `id` bigint UNSIGNED NOT NULL AUTO_INCREMENT, AUTO_INCREMENT=5;

--
-- Constraints for dumped tables
--

--
-- Constraints for table `chats`
--
ALTER TABLE `chats`
  ADD CONSTRAINT `chats_created_by_foreign` FOREIGN KEY (`created_by`) REFERENCES `users` (`id`) ON DELETE CASCADE;

--
-- Constraints for table `chat_messages`
--
ALTER TABLE `chat_messages`
  ADD CONSTRAINT `chat_messages_chat_id_foreign` FOREIGN KEY (`chat_id`) REFERENCES `chats` (`id`) ON DELETE CASCADE,
  ADD CONSTRAINT `chat_messages_user_id_foreign` FOREIGN KEY (`user_id`) REFERENCES `users` (`id`) ON DELETE CASCADE;

--
-- Constraints for table `chat_participants`
--
ALTER TABLE `chat_participants`
  ADD CONSTRAINT `chat_participants_chat_id_foreign` FOREIGN KEY (`chat_id`) REFERENCES `chats` (`id`) ON DELETE CASCADE,
  ADD CONSTRAINT `chat_participants_user_id_foreign` FOREIGN KEY (`user_id`) REFERENCES `users` (`id`) ON DELETE CASCADE;
COMMIT;

